{"id":2937,"date":"2023-06-13T13:56:47","date_gmt":"2023-06-13T13:56:47","guid":{"rendered":"https:\/\/femodena.com\/?page_id=2937"},"modified":"2026-03-26T15:35:29","modified_gmt":"2026-03-26T15:35:29","slug":"jaume-xaus","status":"publish","type":"page","link":"https:\/\/femodena.com\/index.php\/jaume-xaus\/","title":{"rendered":"Jaume Xaus"},"content":{"rendered":"<h3><img loading=\"lazy\" decoding=\"async\" class=\"wp-image-2493 alignleft\" src=\"https:\/\/femodena.com\/wp-content\/uploads\/2023\/04\/1_Jaume-819x1024.jpg\" alt=\"\" width=\"430\" height=\"538\" srcset=\"https:\/\/femodena.com\/wp-content\/uploads\/2023\/04\/1_Jaume-819x1024.jpg 819w, https:\/\/femodena.com\/wp-content\/uploads\/2023\/04\/1_Jaume-240x300.jpg 240w, https:\/\/femodena.com\/wp-content\/uploads\/2023\/04\/1_Jaume-768x960.jpg 768w, https:\/\/femodena.com\/wp-content\/uploads\/2023\/04\/1_Jaume.jpg 1080w\" sizes=\"auto, (max-width: 430px) 100vw, 430px\" \/><\/h3>\n<h3>Jaume Xaus, 57 anys, pare d\u2019una filla.<\/h3>\n<h3>Ve\u00ed del Barri de la Font des de fa 30 anys.<\/h3>\n<h3>Treballa com a Cap d&#8217;Inform\u00e0tica d&#8217;una gran empresa d&#8217;Igualada.<\/h3>\n<h3>Vinculat a \u00d2dena des de petit, on hi va passar moltes estones i on ha format la familia i el seu projecte de vida.<\/h3>\n<h3>Des del primer dia ha estat vinculat a entitats del municipi, com l&#8217;Associaci\u00f3 de Ve\u00efns del Barri de la Font, Team Lozano, Associaci\u00f3 Cultural d&#8217;Agermanaments, AFA Castell d&#8217;\u00d2dena o cooperativa la Llar d&#8217;Infants dels Vailets?<\/h3>\n<h3>T\u00e9 \u00e0mplia gesti\u00f3 municipal, ja que ha estat regidor d&#8217;\u00d2dena durant 12 anys, 8 dels quals com a tinent d&#8217;alcalde.<\/h3>\n<h3>Li agrada molt pr\u00e0cticar esports com el ciclisme i el p\u00e0del ??\u200d\u2642\ufe0f. Li encanta viatjar llegir i les sobretaules on es pot debatre i parlar de tot una mica <\/h3>\n<h2>El Jaume \u00e9s el nostre candidat, \u00e0mpliament preparat i amb un gran equip. A punt per donar l&#8217;impuls necessari que \u00d2dena necessita.<\/h2>\n<p>&nbsp;<\/p>\n","protected":false},"excerpt":{"rendered":"<p>Jaume Xaus, 57 anys, pare d\u2019una filla. Ve\u00ed del Barri de la Font des de fa 30 anys. Treballa com a Cap d&#8217;Inform\u00e0tica d&#8217;una gran empresa d&#8217;Igualada. Vinculat a \u00d2dena des de petit, on hi va passar moltes estones i on ha format la familia i el seu projecte de vida. Des del primer dia&hellip;<\/p>\n","protected":false},"author":1,"featured_media":0,"parent":0,"menu_order":0,"comment_status":"closed","ping_status":"closed","template":"page-templates\/full-width.php","meta":{"ngg_post_thumbnail":0,"footnotes":""},"class_list":["post-2937","page","type-page","status-publish","hentry"],"_links":{"self":[{"href":"https:\/\/femodena.com\/index.php\/wp-json\/wp\/v2\/pages\/2937","targetHints":{"allow":["GET"]}}],"collection":[{"href":"https:\/\/femodena.com\/index.php\/wp-json\/wp\/v2\/pages"}],"about":[{"href":"https:\/\/femodena.com\/index.php\/wp-json\/wp\/v2\/types\/page"}],"author":[{"embeddable":true,"href":"https:\/\/femodena.com\/index.php\/wp-json\/wp\/v2\/users\/1"}],"replies":[{"embeddable":true,"href":"https:\/\/femodena.com\/index.php\/wp-json\/wp\/v2\/comments?post=2937"}],"version-history":[{"count":2,"href":"https:\/\/femodena.com\/index.php\/wp-json\/wp\/v2\/pages\/2937\/revisions"}],"predecessor-version":[{"id":3298,"href":"https:\/\/femodena.com\/index.php\/wp-json\/wp\/v2\/pages\/2937\/revisions\/3298"}],"wp:attachment":[{"href":"https:\/\/femodena.com\/index.php\/wp-json\/wp\/v2\/media?parent=2937"}],"curies":[{"name":"wp","href":"https:\/\/api.w.org\/{rel}","templated":true}]}}

<h3><img loading="lazy" decoding="async" class="wp-image-2493 alignleft" src="https://femodena.com/wp-content/uploads/2023/04/1_Jaume-819x1024.jpg" alt="" width="430" height="538" srcset="https://femodena.com/wp-content/uploads/2023/04/1_Jaume-819x1024.jpg 819w, https://femodena.com/wp-content/uploads/2023/04/1_Jaume-240x300.jpg 240w, https://femodena.com/wp-content/uploads/2023/04/1_Jaume-768x960.jpg 768w, https://femodena.com/wp-content/uploads/2023/04/1_Jaume.jpg 1080w" sizes="auto, (max-width: 430px) 100vw, 430px" /></h3>
<h3>Jaume Xaus, 57 anys, pare d’una filla.</h3>
<h3>Veí del Barri de la Font des de fa 30 anys.</h3>
<h3>Treballa com a Cap d&#8217;Informàtica d&#8217;una gran empresa d&#8217;Igualada.</h3>
<h3>Vinculat a Òdena des de petit, on hi va passar moltes estones i on ha format la familia i el seu projecte de vida.</h3>
<h3>Des del primer dia ha estat vinculat a entitats del municipi, com l&#8217;Associació de Veïns del Barri de la Font, Team Lozano, Associació Cultural d&#8217;Agermanaments, AFA Castell d&#8217;Òdena o cooperativa la Llar d&#8217;Infants dels Vailets?</h3>
<h3>Té àmplia gestió municipal, ja que ha estat regidor d&#8217;Òdena durant 12 anys, 8 dels quals com a tinent d&#8217;alcalde.</h3>
<h3>Li agrada molt pràcticar esports com el ciclisme i el pàdel ??‍♂️. Li encanta viatjar llegir i les sobretaules on es pot debatre i parlar de tot una mica </h3>
<h2>El Jaume és el nostre candidat, àmpliament preparat i amb un gran equip. A punt per donar l&#8217;impuls necessari que Òdena necessita.</h2>
<p>&nbsp;</p>

<p>Jaume Xaus, 57 anys, pare d’una filla. Veí del Barri de la Font des de fa 30 anys. Treballa com a Cap d&#8217;Informàtica d&#8217;una gran empresa d&#8217;Igualada. Vinculat a Òdena des de petit, on hi va passar moltes estones i on ha format la familia i el seu projecte de vida. Des del primer dia&hellip;</p>
