{"id":2755,"date":"2023-05-21T21:03:52","date_gmt":"2023-05-21T21:03:52","guid":{"rendered":"https:\/\/femodena.com\/?page_id=2755"},"modified":"2026-03-26T15:33:22","modified_gmt":"2026-03-26T15:33:22","slug":"ester-garriga","status":"publish","type":"page","link":"https:\/\/femodena.com\/index.php\/ester-garriga\/","title":{"rendered":"Ester Garriga"},"content":{"rendered":"<h3><img loading=\"lazy\" decoding=\"async\" class=\"wp-image-2501 alignleft\" src=\"https:\/\/femodena.com\/wp-content\/uploads\/2023\/04\/8_Ester-819x1024.jpg\" alt=\"\" width=\"428\" height=\"535\" srcset=\"https:\/\/femodena.com\/wp-content\/uploads\/2023\/04\/8_Ester-819x1024.jpg 819w, https:\/\/femodena.com\/wp-content\/uploads\/2023\/04\/8_Ester-240x300.jpg 240w, https:\/\/femodena.com\/wp-content\/uploads\/2023\/04\/8_Ester-768x960.jpg 768w, https:\/\/femodena.com\/wp-content\/uploads\/2023\/04\/8_Ester.jpg 1080w\" sizes=\"auto, (max-width: 428px) 100vw, 428px\" \/><\/h3>\n<h3>Ester Garriga 49 anys<\/h3>\n<h3>ve\u00efna de l\u2019Espelt.<\/h3>\n<h3>\u00c9s mestra d\u2019Educaci\u00f3 Infantil i Prim\u00e0ria i t\u00e9 l\u2019acreditaci\u00f3 de direcci\u00f3 de centre. Actualment treballa de mestra i \u00e9s directora d\u2019una escola rural.<\/h3>\n<h3>Est\u00e0 vinculada a l\u2019Associaci\u00f3 Cultural del Centre de l\u2019Espelt, on forma part de la junta directiva.<\/h3>\n<h3>S\u2019estima \u00d2dena perqu\u00e8 \u00e9s un municipi tranquil on coneixes i comparteixes amb la gent que hi viu. Li agrada caminar, sortir amb els amics a sopar, xerrar, riure i viatjar. <\/h3>\n<h2><img decoding=\"async\" class=\"emoji\" role=\"img\" draggable=\"false\" src=\"https:\/\/s.w.org\/images\/core\/emoji\/14.0.0\/svg\/270a-1f3fd.svg\" alt=\"\u270a?\">Fem \u00d2dena, tornem a fer-ho possible !<\/h2>\n<p>&nbsp;<\/p>\n","protected":false},"excerpt":{"rendered":"<p>Ester Garriga 49 anys ve\u00efna de l\u2019Espelt. \u00c9s mestra d\u2019Educaci\u00f3 Infantil i Prim\u00e0ria i t\u00e9 l\u2019acreditaci\u00f3 de direcci\u00f3 de centre. Actualment treballa de mestra i \u00e9s directora d\u2019una escola rural. Est\u00e0 vinculada a l\u2019Associaci\u00f3 Cultural del Centre de l\u2019Espelt, on forma part de la junta directiva. S\u2019estima \u00d2dena perqu\u00e8 \u00e9s un municipi tranquil on coneixes&hellip;<\/p>\n","protected":false},"author":1,"featured_media":0,"parent":0,"menu_order":0,"comment_status":"closed","ping_status":"closed","template":"page-templates\/full-width.php","meta":{"ngg_post_thumbnail":0,"footnotes":""},"class_list":["post-2755","page","type-page","status-publish","hentry"],"_links":{"self":[{"href":"https:\/\/femodena.com\/index.php\/wp-json\/wp\/v2\/pages\/2755","targetHints":{"allow":["GET"]}}],"collection":[{"href":"https:\/\/femodena.com\/index.php\/wp-json\/wp\/v2\/pages"}],"about":[{"href":"https:\/\/femodena.com\/index.php\/wp-json\/wp\/v2\/types\/page"}],"author":[{"embeddable":true,"href":"https:\/\/femodena.com\/index.php\/wp-json\/wp\/v2\/users\/1"}],"replies":[{"embeddable":true,"href":"https:\/\/femodena.com\/index.php\/wp-json\/wp\/v2\/comments?post=2755"}],"version-history":[{"count":2,"href":"https:\/\/femodena.com\/index.php\/wp-json\/wp\/v2\/pages\/2755\/revisions"}],"predecessor-version":[{"id":3294,"href":"https:\/\/femodena.com\/index.php\/wp-json\/wp\/v2\/pages\/2755\/revisions\/3294"}],"wp:attachment":[{"href":"https:\/\/femodena.com\/index.php\/wp-json\/wp\/v2\/media?parent=2755"}],"curies":[{"name":"wp","href":"https:\/\/api.w.org\/{rel}","templated":true}]}}

<h3><img loading="lazy" decoding="async" class="wp-image-2501 alignleft" src="https://femodena.com/wp-content/uploads/2023/04/8_Ester-819x1024.jpg" alt="" width="428" height="535" srcset="https://femodena.com/wp-content/uploads/2023/04/8_Ester-819x1024.jpg 819w, https://femodena.com/wp-content/uploads/2023/04/8_Ester-240x300.jpg 240w, https://femodena.com/wp-content/uploads/2023/04/8_Ester-768x960.jpg 768w, https://femodena.com/wp-content/uploads/2023/04/8_Ester.jpg 1080w" sizes="auto, (max-width: 428px) 100vw, 428px" /></h3>
<h3>Ester Garriga 49 anys</h3>
<h3>veïna de l’Espelt.</h3>
<h3>És mestra d’Educació Infantil i Primària i té l’acreditació de direcció de centre. Actualment treballa de mestra i és directora d’una escola rural.</h3>
<h3>Està vinculada a l’Associació Cultural del Centre de l’Espelt, on forma part de la junta directiva.</h3>
<h3>S’estima Òdena perquè és un municipi tranquil on coneixes i comparteixes amb la gent que hi viu. Li agrada caminar, sortir amb els amics a sopar, xerrar, riure i viatjar. </h3>
<h2><img decoding="async" class="emoji" role="img" draggable="false" src="https://s.w.org/images/core/emoji/14.0.0/svg/270a-1f3fd.svg" alt="✊?">Fem Òdena, tornem a fer-ho possible !</h2>
<p>&nbsp;</p>

<p>Ester Garriga 49 anys veïna de l’Espelt. És mestra d’Educació Infantil i Primària i té l’acreditació de direcció de centre. Actualment treballa de mestra i és directora d’una escola rural. Està vinculada a l’Associació Cultural del Centre de l’Espelt, on forma part de la junta directiva. S’estima Òdena perquè és un municipi tranquil on coneixes&hellip;</p>
