{"id":2752,"date":"2023-05-21T21:00:29","date_gmt":"2023-05-21T21:00:29","guid":{"rendered":"https:\/\/femodena.com\/?page_id=2752"},"modified":"2026-03-26T15:44:26","modified_gmt":"2026-03-26T15:44:26","slug":"raul-galan","status":"publish","type":"page","link":"https:\/\/femodena.com\/index.php\/raul-galan\/","title":{"rendered":"Raul Galan"},"content":{"rendered":"<h3><img loading=\"lazy\" decoding=\"async\" class=\"wp-image-2503 alignleft\" src=\"https:\/\/femodena.com\/wp-content\/uploads\/2023\/04\/10_Raul-819x1024.jpg\" alt=\"\" width=\"423\" height=\"529\" srcset=\"https:\/\/femodena.com\/wp-content\/uploads\/2023\/04\/10_Raul-819x1024.jpg 819w, https:\/\/femodena.com\/wp-content\/uploads\/2023\/04\/10_Raul-240x300.jpg 240w, https:\/\/femodena.com\/wp-content\/uploads\/2023\/04\/10_Raul-768x960.jpg 768w, https:\/\/femodena.com\/wp-content\/uploads\/2023\/04\/10_Raul.jpg 1080w\" sizes=\"auto, (max-width: 423px) 100vw, 423px\" \/><\/h3>\n<h3>Raul Galan, 47 anys pare de 2 filles.<\/h3>\n<h3>Ve\u00ed del Pla d\u2019\u00d2dena<\/h3>\n<h3>Enginyer T\u00e8cnic Industrial i M\u00e0ster en Enginyeria i Gesti\u00f3. Emprenedor.<\/h3>\n<h3>\u2b05\ufe0fHa estat tinent alcalde i regidor d\u2019hisenda i transpar\u00e8ncia, promoci\u00f3 econ\u00f2mica, d\u2019urbanisme i medi ambient, els anys 2019 al 2022 amb el govern de @fem_odena<\/h3>\n<h3>S&#8217;estima el poble on t\u00e9 molts amics i el barri que l&#8217;ha vist cr\u00e9ixer, a on gaudeix amb la seva familia<\/h3>\n<h2><img decoding=\"async\" class=\"emoji\" role=\"img\" draggable=\"false\" src=\"https:\/\/s.w.org\/images\/core\/emoji\/14.0.0\/svg\/270a-1f3fd.svg\" alt=\"\u270a?\">Fem \u00d2dena, tornem a fer-ho possible !<\/h2>\n","protected":false},"excerpt":{"rendered":"<p>Raul Galan, 47 anys pare de 2 filles. Ve\u00ed del Pla d\u2019\u00d2dena Enginyer T\u00e8cnic Industrial i M\u00e0ster en Enginyeria i Gesti\u00f3. Emprenedor. \u2b05\ufe0fHa estat tinent alcalde i regidor d\u2019hisenda i transpar\u00e8ncia, promoci\u00f3 econ\u00f2mica, d\u2019urbanisme i medi ambient, els anys 2019 al 2022 amb el govern de @fem_odena S&#8217;estima el poble on t\u00e9 molts amics i&hellip;<\/p>\n","protected":false},"author":1,"featured_media":0,"parent":0,"menu_order":0,"comment_status":"closed","ping_status":"closed","template":"","meta":{"ngg_post_thumbnail":0,"footnotes":""},"class_list":["post-2752","page","type-page","status-publish","hentry"],"_links":{"self":[{"href":"https:\/\/femodena.com\/index.php\/wp-json\/wp\/v2\/pages\/2752","targetHints":{"allow":["GET"]}}],"collection":[{"href":"https:\/\/femodena.com\/index.php\/wp-json\/wp\/v2\/pages"}],"about":[{"href":"https:\/\/femodena.com\/index.php\/wp-json\/wp\/v2\/types\/page"}],"author":[{"embeddable":true,"href":"https:\/\/femodena.com\/index.php\/wp-json\/wp\/v2\/users\/1"}],"replies":[{"embeddable":true,"href":"https:\/\/femodena.com\/index.php\/wp-json\/wp\/v2\/comments?post=2752"}],"version-history":[{"count":1,"href":"https:\/\/femodena.com\/index.php\/wp-json\/wp\/v2\/pages\/2752\/revisions"}],"predecessor-version":[{"id":3316,"href":"https:\/\/femodena.com\/index.php\/wp-json\/wp\/v2\/pages\/2752\/revisions\/3316"}],"wp:attachment":[{"href":"https:\/\/femodena.com\/index.php\/wp-json\/wp\/v2\/media?parent=2752"}],"curies":[{"name":"wp","href":"https:\/\/api.w.org\/{rel}","templated":true}]}}

<h3><img loading="lazy" decoding="async" class="wp-image-2503 alignleft" src="https://femodena.com/wp-content/uploads/2023/04/10_Raul-819x1024.jpg" alt="" width="423" height="529" srcset="https://femodena.com/wp-content/uploads/2023/04/10_Raul-819x1024.jpg 819w, https://femodena.com/wp-content/uploads/2023/04/10_Raul-240x300.jpg 240w, https://femodena.com/wp-content/uploads/2023/04/10_Raul-768x960.jpg 768w, https://femodena.com/wp-content/uploads/2023/04/10_Raul.jpg 1080w" sizes="auto, (max-width: 423px) 100vw, 423px" /></h3>
<h3>Raul Galan, 47 anys pare de 2 filles.</h3>
<h3>Veí del Pla d’Òdena</h3>
<h3>Enginyer Tècnic Industrial i Màster en Enginyeria i Gestió. Emprenedor.</h3>
<h3>⬅️Ha estat tinent alcalde i regidor d’hisenda i transparència, promoció econòmica, d’urbanisme i medi ambient, els anys 2019 al 2022 amb el govern de @fem_odena</h3>
<h3>S&#8217;estima el poble on té molts amics i el barri que l&#8217;ha vist créixer, a on gaudeix amb la seva familia</h3>
<h2><img decoding="async" class="emoji" role="img" draggable="false" src="https://s.w.org/images/core/emoji/14.0.0/svg/270a-1f3fd.svg" alt="✊?">Fem Òdena, tornem a fer-ho possible !</h2>

<p>Raul Galan, 47 anys pare de 2 filles. Veí del Pla d’Òdena Enginyer Tècnic Industrial i Màster en Enginyeria i Gestió. Emprenedor. ⬅️Ha estat tinent alcalde i regidor d’hisenda i transparència, promoció econòmica, d’urbanisme i medi ambient, els anys 2019 al 2022 amb el govern de @fem_odena S&#8217;estima el poble on té molts amics i&hellip;</p>
