{"id":2739,"date":"2023-05-21T15:00:18","date_gmt":"2023-05-21T15:00:18","guid":{"rendered":"https:\/\/femodena.com\/?page_id=2739"},"modified":"2026-03-26T15:31:07","modified_gmt":"2026-03-26T15:31:07","slug":"alba-colell","status":"publish","type":"page","link":"https:\/\/femodena.com\/index.php\/alba-colell\/","title":{"rendered":"Alba Colell"},"content":{"rendered":"<h3><img loading=\"lazy\" decoding=\"async\" class=\"wp-image-2502 alignleft\" src=\"https:\/\/femodena.com\/wp-content\/uploads\/2023\/04\/9_Alba-819x1024.jpg\" alt=\"\" width=\"430\" height=\"537\" srcset=\"https:\/\/femodena.com\/wp-content\/uploads\/2023\/04\/9_Alba-819x1024.jpg 819w, https:\/\/femodena.com\/wp-content\/uploads\/2023\/04\/9_Alba-240x300.jpg 240w, https:\/\/femodena.com\/wp-content\/uploads\/2023\/04\/9_Alba-768x960.jpg 768w, https:\/\/femodena.com\/wp-content\/uploads\/2023\/04\/9_Alba.jpg 1080w\" sizes=\"auto, (max-width: 430px) 100vw, 430px\" \/><\/h3>\n<h3>Alba Colell, 45 anys i mare d\u2019un fill.<\/h3>\n<h3>Ve\u00efna del nucli antic.<\/h3>\n<h3>Diplomada en Turisme i mestra d\u2019educaci\u00f3 infantil. Monitora i directora de lleure. Ha treballat al sector del turisme i actualment dirigeix el projecte pedag\u00f2gic de l\u2019Escola del Bosc.<\/h3>\n<h3>Forma part de la Junta de l\u2019Agermanament amb \u00d2denas i est\u00e0 vinculada a altres entitats relacionades amb la protecci\u00f3 de la natura i dels animals.<\/h3>\n<h3>Li agrada l\u2019entorn natural i el patrimoni arquitect\u00f2nic del municipi, i dedica el seu temps lliure a pintar, llegir i al seu fill<\/h3>\n<h2><strong><img decoding=\"async\" class=\"emoji\" role=\"img\" draggable=\"false\" src=\"https:\/\/s.w.org\/images\/core\/emoji\/14.0.0\/svg\/270a-1f3fd.svg\" alt=\"\u270a\">Fem \u00d2dena, tornem a fer-ho possible !<\/strong><\/h2>\n","protected":false},"excerpt":{"rendered":"<p>Alba Colell, 45 anys i mare d\u2019un fill. Ve\u00efna del nucli antic. Diplomada en Turisme i mestra d\u2019educaci\u00f3 infantil. Monitora i directora de lleure. Ha treballat al sector del turisme i actualment dirigeix el projecte pedag\u00f2gic de l\u2019Escola del Bosc. Forma part de la Junta de l\u2019Agermanament amb \u00d2denas i est\u00e0 vinculada a altres entitats&hellip;<\/p>\n","protected":false},"author":1,"featured_media":0,"parent":0,"menu_order":0,"comment_status":"closed","ping_status":"closed","template":"page-templates\/full-width.php","meta":{"ngg_post_thumbnail":0,"footnotes":""},"class_list":["post-2739","page","type-page","status-publish","hentry"],"_links":{"self":[{"href":"https:\/\/femodena.com\/index.php\/wp-json\/wp\/v2\/pages\/2739","targetHints":{"allow":["GET"]}}],"collection":[{"href":"https:\/\/femodena.com\/index.php\/wp-json\/wp\/v2\/pages"}],"about":[{"href":"https:\/\/femodena.com\/index.php\/wp-json\/wp\/v2\/types\/page"}],"author":[{"embeddable":true,"href":"https:\/\/femodena.com\/index.php\/wp-json\/wp\/v2\/users\/1"}],"replies":[{"embeddable":true,"href":"https:\/\/femodena.com\/index.php\/wp-json\/wp\/v2\/comments?post=2739"}],"version-history":[{"count":3,"href":"https:\/\/femodena.com\/index.php\/wp-json\/wp\/v2\/pages\/2739\/revisions"}],"predecessor-version":[{"id":3291,"href":"https:\/\/femodena.com\/index.php\/wp-json\/wp\/v2\/pages\/2739\/revisions\/3291"}],"wp:attachment":[{"href":"https:\/\/femodena.com\/index.php\/wp-json\/wp\/v2\/media?parent=2739"}],"curies":[{"name":"wp","href":"https:\/\/api.w.org\/{rel}","templated":true}]}}

<h3><img loading="lazy" decoding="async" class="wp-image-2502 alignleft" src="https://femodena.com/wp-content/uploads/2023/04/9_Alba-819x1024.jpg" alt="" width="430" height="537" srcset="https://femodena.com/wp-content/uploads/2023/04/9_Alba-819x1024.jpg 819w, https://femodena.com/wp-content/uploads/2023/04/9_Alba-240x300.jpg 240w, https://femodena.com/wp-content/uploads/2023/04/9_Alba-768x960.jpg 768w, https://femodena.com/wp-content/uploads/2023/04/9_Alba.jpg 1080w" sizes="auto, (max-width: 430px) 100vw, 430px" /></h3>
<h3>Alba Colell, 45 anys i mare d’un fill.</h3>
<h3>Veïna del nucli antic.</h3>
<h3>Diplomada en Turisme i mestra d’educació infantil. Monitora i directora de lleure. Ha treballat al sector del turisme i actualment dirigeix el projecte pedagògic de l’Escola del Bosc.</h3>
<h3>Forma part de la Junta de l’Agermanament amb Òdenas i està vinculada a altres entitats relacionades amb la protecció de la natura i dels animals.</h3>
<h3>Li agrada l’entorn natural i el patrimoni arquitectònic del municipi, i dedica el seu temps lliure a pintar, llegir i al seu fill</h3>
<h2><strong><img decoding="async" class="emoji" role="img" draggable="false" src="https://s.w.org/images/core/emoji/14.0.0/svg/270a-1f3fd.svg" alt="✊">Fem Òdena, tornem a fer-ho possible !</strong></h2>

<p>Alba Colell, 45 anys i mare d’un fill. Veïna del nucli antic. Diplomada en Turisme i mestra d’educació infantil. Monitora i directora de lleure. Ha treballat al sector del turisme i actualment dirigeix el projecte pedagògic de l’Escola del Bosc. Forma part de la Junta de l’Agermanament amb Òdenas i està vinculada a altres entitats&hellip;</p>
