{"id":2737,"date":"2023-05-21T14:58:42","date_gmt":"2023-05-21T14:58:42","guid":{"rendered":"https:\/\/femodena.com\/?page_id=2737"},"modified":"2026-03-26T15:40:58","modified_gmt":"2026-03-26T15:40:58","slug":"maria-sayavera","status":"publish","type":"page","link":"https:\/\/femodena.com\/index.php\/maria-sayavera\/","title":{"rendered":"Maria Sayavera"},"content":{"rendered":"<h3><img loading=\"lazy\" decoding=\"async\" class=\"wp-image-2504 alignleft\" src=\"https:\/\/femodena.com\/wp-content\/uploads\/2023\/04\/11_Maria-819x1024.jpg\" alt=\"\" width=\"418\" height=\"523\" srcset=\"https:\/\/femodena.com\/wp-content\/uploads\/2023\/04\/11_Maria-819x1024.jpg 819w, https:\/\/femodena.com\/wp-content\/uploads\/2023\/04\/11_Maria-240x300.jpg 240w, https:\/\/femodena.com\/wp-content\/uploads\/2023\/04\/11_Maria-768x960.jpg 768w, https:\/\/femodena.com\/wp-content\/uploads\/2023\/04\/11_Maria.jpg 1080w\" sizes=\"auto, (max-width: 418px) 100vw, 418px\" \/><\/h3>\n<h3>Maria Sayavera, 33 anys.<\/h3>\n<h3>Ve\u00efna del Nucli antic.<\/h3>\n<h3>\u00c9s periodista i assessora municipal a la Diputaci\u00f3 de Barcelona.<\/h3>\n<h3>La Maria ha estat la primera alcaldessa d\u2019\u00d2dena (entre el 2019 i el 2022) despr\u00e9s de guanyar, per primera vegada, les eleccions municipals del 2019 encap\u00e7alant la candidatura de @femodena<\/h3>\n<h3>\u00d2dena l\u2019ha vist n\u00e9ixer i cr\u00e9ixer i \u00e9s l\u2019entorn on ha viscut els moments m\u00e9s bonics.<\/h3>\n<h3>Vinculada a multitud d\u2019entitats, darrerament ha participat m\u00e9s activament al Centre d\u2019Esports \u00d2dena\u26bd\ufe0f, les Caramelles\u2764\ufe0f o l\u2019Associaci\u00f3 de Crespelles<\/h3>\n<h3>Li agrada molt practicar l\u2019esport com c\u00f3rrer, la nataci\u00f3 o el ioga i gaudeix de les trobades amb la familia i les amistats.<\/h3>\n<h3>Sempre t\u00e9 un somriure per tothom?<\/h3>\n<h2><strong><img decoding=\"async\" class=\"emoji\" role=\"img\" draggable=\"false\" src=\"https:\/\/s.w.org\/images\/core\/emoji\/14.0.0\/svg\/270a-1f3fd.svg\" alt=\"\u270a?\">Fem \u00d2dena, tornem a fer-ho possible !<\/strong><\/h2>\n","protected":false},"excerpt":{"rendered":"<p>Maria Sayavera, 33 anys. Ve\u00efna del Nucli antic. \u00c9s periodista i assessora municipal a la Diputaci\u00f3 de Barcelona. La Maria ha estat la primera alcaldessa d\u2019\u00d2dena (entre el 2019 i el 2022) despr\u00e9s de guanyar, per primera vegada, les eleccions municipals del 2019 encap\u00e7alant la candidatura de @femodena \u00d2dena l\u2019ha vist n\u00e9ixer i cr\u00e9ixer i&hellip;<\/p>\n","protected":false},"author":1,"featured_media":0,"parent":0,"menu_order":0,"comment_status":"closed","ping_status":"closed","template":"page-templates\/full-width.php","meta":{"ngg_post_thumbnail":0,"footnotes":""},"class_list":["post-2737","page","type-page","status-publish","hentry"],"_links":{"self":[{"href":"https:\/\/femodena.com\/index.php\/wp-json\/wp\/v2\/pages\/2737","targetHints":{"allow":["GET"]}}],"collection":[{"href":"https:\/\/femodena.com\/index.php\/wp-json\/wp\/v2\/pages"}],"about":[{"href":"https:\/\/femodena.com\/index.php\/wp-json\/wp\/v2\/types\/page"}],"author":[{"embeddable":true,"href":"https:\/\/femodena.com\/index.php\/wp-json\/wp\/v2\/users\/1"}],"replies":[{"embeddable":true,"href":"https:\/\/femodena.com\/index.php\/wp-json\/wp\/v2\/comments?post=2737"}],"version-history":[{"count":2,"href":"https:\/\/femodena.com\/index.php\/wp-json\/wp\/v2\/pages\/2737\/revisions"}],"predecessor-version":[{"id":3307,"href":"https:\/\/femodena.com\/index.php\/wp-json\/wp\/v2\/pages\/2737\/revisions\/3307"}],"wp:attachment":[{"href":"https:\/\/femodena.com\/index.php\/wp-json\/wp\/v2\/media?parent=2737"}],"curies":[{"name":"wp","href":"https:\/\/api.w.org\/{rel}","templated":true}]}}

<h3><img loading="lazy" decoding="async" class="wp-image-2504 alignleft" src="https://femodena.com/wp-content/uploads/2023/04/11_Maria-819x1024.jpg" alt="" width="418" height="523" srcset="https://femodena.com/wp-content/uploads/2023/04/11_Maria-819x1024.jpg 819w, https://femodena.com/wp-content/uploads/2023/04/11_Maria-240x300.jpg 240w, https://femodena.com/wp-content/uploads/2023/04/11_Maria-768x960.jpg 768w, https://femodena.com/wp-content/uploads/2023/04/11_Maria.jpg 1080w" sizes="auto, (max-width: 418px) 100vw, 418px" /></h3>
<h3>Maria Sayavera, 33 anys.</h3>
<h3>Veïna del Nucli antic.</h3>
<h3>És periodista i assessora municipal a la Diputació de Barcelona.</h3>
<h3>La Maria ha estat la primera alcaldessa d’Òdena (entre el 2019 i el 2022) després de guanyar, per primera vegada, les eleccions municipals del 2019 encapçalant la candidatura de @femodena</h3>
<h3>Òdena l’ha vist néixer i créixer i és l’entorn on ha viscut els moments més bonics.</h3>
<h3>Vinculada a multitud d’entitats, darrerament ha participat més activament al Centre d’Esports Òdena⚽️, les Caramelles❤️ o l’Associació de Crespelles</h3>
<h3>Li agrada molt practicar l’esport com córrer, la natació o el ioga i gaudeix de les trobades amb la familia i les amistats.</h3>
<h3>Sempre té un somriure per tothom?</h3>
<h2><strong><img decoding="async" class="emoji" role="img" draggable="false" src="https://s.w.org/images/core/emoji/14.0.0/svg/270a-1f3fd.svg" alt="✊?">Fem Òdena, tornem a fer-ho possible !</strong></h2>

<p>Maria Sayavera, 33 anys. Veïna del Nucli antic. És periodista i assessora municipal a la Diputació de Barcelona. La Maria ha estat la primera alcaldessa d’Òdena (entre el 2019 i el 2022) després de guanyar, per primera vegada, les eleccions municipals del 2019 encapçalant la candidatura de @femodena Òdena l’ha vist néixer i créixer i&hellip;</p>
