{"id":2702,"date":"2023-05-18T21:07:17","date_gmt":"2023-05-18T21:07:17","guid":{"rendered":"https:\/\/femodena.com\/?page_id=2702"},"modified":"2026-03-26T15:42:33","modified_gmt":"2026-03-26T15:42:33","slug":"nuria-olle","status":"publish","type":"page","link":"https:\/\/femodena.com\/index.php\/nuria-olle\/","title":{"rendered":"Nuria Oll\u00e9"},"content":{"rendered":"<h3><img loading=\"lazy\" decoding=\"async\" class=\"wp-image-2506 alignleft\" src=\"https:\/\/femodena.com\/wp-content\/uploads\/2023\/04\/13_Nuria-819x1024.jpg\" alt=\"\" width=\"426\" height=\"533\" srcset=\"https:\/\/femodena.com\/wp-content\/uploads\/2023\/04\/13_Nuria-819x1024.jpg 819w, https:\/\/femodena.com\/wp-content\/uploads\/2023\/04\/13_Nuria-240x300.jpg 240w, https:\/\/femodena.com\/wp-content\/uploads\/2023\/04\/13_Nuria-768x960.jpg 768w, https:\/\/femodena.com\/wp-content\/uploads\/2023\/04\/13_Nuria.jpg 1080w\" sizes=\"auto, (max-width: 426px) 100vw, 426px\" \/><\/h3>\n<h3>Nuria Oll\u00e9, 57 anys i mare de tres filles.<\/h3>\n<h3>Ve\u00efna del Barri de Sant Pere. (Pla d\u2019\u00d2dena)<\/h3>\n<h3>Gestora de magatzem, treballa en una de les grans empreses gr\u00e0fiques de la comarca.<\/h3>\n<h3>Viu a \u00d2dena des de fa 30 anys i li encanta gaudir de l\u2019entorn amb la seva familia.<br \/>\nCreu en una \u00d2dena amb grans avantatges per viure-hi, ben comunicada i amb la natura a tocar.<\/h3>\n<h2>\u270aFem \u00d2dena, tornem a fer-ho possible !<\/h2>\n<h3>&nbsp;<\/h3>\n","protected":false},"excerpt":{"rendered":"<p>Nuria Oll\u00e9, 57 anys i mare de tres filles. Ve\u00efna del Barri de Sant Pere. (Pla d\u2019\u00d2dena) Gestora de magatzem, treballa en una de les grans empreses gr\u00e0fiques de la comarca. Viu a \u00d2dena des de fa 30 anys i li encanta gaudir de l\u2019entorn amb la seva familia. Creu en una \u00d2dena amb grans&hellip;<\/p>\n","protected":false},"author":1,"featured_media":0,"parent":0,"menu_order":0,"comment_status":"closed","ping_status":"closed","template":"page-templates\/full-width.php","meta":{"ngg_post_thumbnail":0,"footnotes":""},"class_list":["post-2702","page","type-page","status-publish","hentry"],"_links":{"self":[{"href":"https:\/\/femodena.com\/index.php\/wp-json\/wp\/v2\/pages\/2702","targetHints":{"allow":["GET"]}}],"collection":[{"href":"https:\/\/femodena.com\/index.php\/wp-json\/wp\/v2\/pages"}],"about":[{"href":"https:\/\/femodena.com\/index.php\/wp-json\/wp\/v2\/types\/page"}],"author":[{"embeddable":true,"href":"https:\/\/femodena.com\/index.php\/wp-json\/wp\/v2\/users\/1"}],"replies":[{"embeddable":true,"href":"https:\/\/femodena.com\/index.php\/wp-json\/wp\/v2\/comments?post=2702"}],"version-history":[{"count":3,"href":"https:\/\/femodena.com\/index.php\/wp-json\/wp\/v2\/pages\/2702\/revisions"}],"predecessor-version":[{"id":3312,"href":"https:\/\/femodena.com\/index.php\/wp-json\/wp\/v2\/pages\/2702\/revisions\/3312"}],"wp:attachment":[{"href":"https:\/\/femodena.com\/index.php\/wp-json\/wp\/v2\/media?parent=2702"}],"curies":[{"name":"wp","href":"https:\/\/api.w.org\/{rel}","templated":true}]}}

Nuria Ollé

<h3><img loading="lazy" decoding="async" class="wp-image-2506 alignleft" src="https://femodena.com/wp-content/uploads/2023/04/13_Nuria-819x1024.jpg" alt="" width="426" height="533" srcset="https://femodena.com/wp-content/uploads/2023/04/13_Nuria-819x1024.jpg 819w, https://femodena.com/wp-content/uploads/2023/04/13_Nuria-240x300.jpg 240w, https://femodena.com/wp-content/uploads/2023/04/13_Nuria-768x960.jpg 768w, https://femodena.com/wp-content/uploads/2023/04/13_Nuria.jpg 1080w" sizes="auto, (max-width: 426px) 100vw, 426px" /></h3>
<h3>Nuria Ollé, 57 anys i mare de tres filles.</h3>
<h3>Veïna del Barri de Sant Pere. (Pla d’Òdena)</h3>
<h3>Gestora de magatzem, treballa en una de les grans empreses gràfiques de la comarca.</h3>
<h3>Viu a Òdena des de fa 30 anys i li encanta gaudir de l’entorn amb la seva familia.<br />
Creu en una Òdena amb grans avantatges per viure-hi, ben comunicada i amb la natura a tocar.</h3>
<h2>✊Fem Òdena, tornem a fer-ho possible !</h2>
<h3>&nbsp;</h3>

<p>Nuria Ollé, 57 anys i mare de tres filles. Veïna del Barri de Sant Pere. (Pla d’Òdena) Gestora de magatzem, treballa en una de les grans empreses gràfiques de la comarca. Viu a Òdena des de fa 30 anys i li encanta gaudir de l’entorn amb la seva familia. Creu en una Òdena amb grans&hellip;</p>
