{"id":2607,"date":"2023-05-15T13:41:09","date_gmt":"2023-05-15T13:41:09","guid":{"rendered":"https:\/\/femodena.com\/?page_id=2607"},"modified":"2026-03-26T15:34:32","modified_gmt":"2026-03-26T15:34:32","slug":"gerard-aguilera","status":"publish","type":"page","link":"https:\/\/femodena.com\/index.php\/gerard-aguilera\/","title":{"rendered":"Gerard Aguilera"},"content":{"rendered":"<h3><img loading=\"lazy\" decoding=\"async\" class=\"wp-image-2509 alignleft\" src=\"https:\/\/femodena.com\/wp-content\/uploads\/2023\/04\/16_gerard-819x1024.jpg\" alt=\"\" width=\"430\" height=\"538\" srcset=\"https:\/\/femodena.com\/wp-content\/uploads\/2023\/04\/16_gerard-819x1024.jpg 819w, https:\/\/femodena.com\/wp-content\/uploads\/2023\/04\/16_gerard-240x300.jpg 240w, https:\/\/femodena.com\/wp-content\/uploads\/2023\/04\/16_gerard-768x960.jpg 768w, https:\/\/femodena.com\/wp-content\/uploads\/2023\/04\/16_gerard.jpg 1080w\" sizes=\"auto, (max-width: 430px) 100vw, 430px\" \/><\/h3>\n<h3>Gerard Aguilera, 28 anys.<\/h3>\n<h3>Ve\u00ed del del barri de la Font.<\/h3>\n<h3>Director de cinema i guionista. Actualment treballant a l&#8217;Hosteleria.<\/h3>\n<h3>El Gerard \u00e9s un Odenenc de tota la vida, hi viu des de que va n\u00e9ixer. Durant 10 anys va ser monitor de l\u2019escola d\u2019estiu del poble<\/h3>\n<h3>Li agrada mirar pel\u00b7l\u00edcules, llegir, el mar i la natura.<br \/>\nGaudeix del poble i la natura perqu\u00e8 aqu\u00ed hi t\u00e9 la seva gent.<\/h3>\n<h2>Fem \u00d2dena, tornem a fer-ho possible !<\/h2>\n<p>&nbsp;<\/p>\n","protected":false},"excerpt":{"rendered":"<p>Gerard Aguilera, 28 anys. Ve\u00ed del del barri de la Font. Director de cinema i guionista. Actualment treballant a l&#8217;Hosteleria. El Gerard \u00e9s un Odenenc de tota la vida, hi viu des de que va n\u00e9ixer. Durant 10 anys va ser monitor de l\u2019escola d\u2019estiu del poble Li agrada mirar pel\u00b7l\u00edcules, llegir, el mar i&hellip;<\/p>\n","protected":false},"author":1,"featured_media":0,"parent":0,"menu_order":0,"comment_status":"closed","ping_status":"closed","template":"page-templates\/full-width.php","meta":{"ngg_post_thumbnail":0,"footnotes":""},"class_list":["post-2607","page","type-page","status-publish","hentry"],"_links":{"self":[{"href":"https:\/\/femodena.com\/index.php\/wp-json\/wp\/v2\/pages\/2607","targetHints":{"allow":["GET"]}}],"collection":[{"href":"https:\/\/femodena.com\/index.php\/wp-json\/wp\/v2\/pages"}],"about":[{"href":"https:\/\/femodena.com\/index.php\/wp-json\/wp\/v2\/types\/page"}],"author":[{"embeddable":true,"href":"https:\/\/femodena.com\/index.php\/wp-json\/wp\/v2\/users\/1"}],"replies":[{"embeddable":true,"href":"https:\/\/femodena.com\/index.php\/wp-json\/wp\/v2\/comments?post=2607"}],"version-history":[{"count":2,"href":"https:\/\/femodena.com\/index.php\/wp-json\/wp\/v2\/pages\/2607\/revisions"}],"predecessor-version":[{"id":3296,"href":"https:\/\/femodena.com\/index.php\/wp-json\/wp\/v2\/pages\/2607\/revisions\/3296"}],"wp:attachment":[{"href":"https:\/\/femodena.com\/index.php\/wp-json\/wp\/v2\/media?parent=2607"}],"curies":[{"name":"wp","href":"https:\/\/api.w.org\/{rel}","templated":true}]}}

<h3><img loading="lazy" decoding="async" class="wp-image-2509 alignleft" src="https://femodena.com/wp-content/uploads/2023/04/16_gerard-819x1024.jpg" alt="" width="430" height="538" srcset="https://femodena.com/wp-content/uploads/2023/04/16_gerard-819x1024.jpg 819w, https://femodena.com/wp-content/uploads/2023/04/16_gerard-240x300.jpg 240w, https://femodena.com/wp-content/uploads/2023/04/16_gerard-768x960.jpg 768w, https://femodena.com/wp-content/uploads/2023/04/16_gerard.jpg 1080w" sizes="auto, (max-width: 430px) 100vw, 430px" /></h3>
<h3>Gerard Aguilera, 28 anys.</h3>
<h3>Veí del del barri de la Font.</h3>
<h3>Director de cinema i guionista. Actualment treballant a l&#8217;Hosteleria.</h3>
<h3>El Gerard és un Odenenc de tota la vida, hi viu des de que va néixer. Durant 10 anys va ser monitor de l’escola d’estiu del poble</h3>
<h3>Li agrada mirar pel·lícules, llegir, el mar i la natura.<br />
Gaudeix del poble i la natura perquè aquí hi té la seva gent.</h3>
<h2>Fem Òdena, tornem a fer-ho possible !</h2>
<p>&nbsp;</p>

<p>Gerard Aguilera, 28 anys. Veí del del barri de la Font. Director de cinema i guionista. Actualment treballant a l&#8217;Hosteleria. El Gerard és un Odenenc de tota la vida, hi viu des de que va néixer. Durant 10 anys va ser monitor de l’escola d’estiu del poble Li agrada mirar pel·lícules, llegir, el mar i&hellip;</p>
