{"id":2604,"date":"2023-05-14T21:08:57","date_gmt":"2023-05-14T21:08:57","guid":{"rendered":"https:\/\/femodena.com\/?page_id=2604"},"modified":"2026-03-26T15:40:22","modified_gmt":"2026-03-26T15:40:22","slug":"laia-argerich","status":"publish","type":"page","link":"https:\/\/femodena.com\/index.php\/laia-argerich\/","title":{"rendered":"Laia Argerich"},"content":{"rendered":"<h3><img loading=\"lazy\" decoding=\"async\" class=\"wp-image-2548 alignleft\" src=\"https:\/\/femodena.com\/wp-content\/uploads\/2023\/04\/17_Laia-1-819x1024.jpg\" alt=\"\" width=\"420\" height=\"525\" srcset=\"https:\/\/femodena.com\/wp-content\/uploads\/2023\/04\/17_Laia-1-819x1024.jpg 819w, https:\/\/femodena.com\/wp-content\/uploads\/2023\/04\/17_Laia-1-240x300.jpg 240w, https:\/\/femodena.com\/wp-content\/uploads\/2023\/04\/17_Laia-1-768x960.jpg 768w, https:\/\/femodena.com\/wp-content\/uploads\/2023\/04\/17_Laia-1.jpg 1080w\" sizes=\"auto, (max-width: 420px) 100vw, 420px\" \/><\/h3>\n<h3>Laia Argerich, 24 anys.<\/h3>\n<h3>Ve\u00efna del barri de la Font.<\/h3>\n<h3>\u00c9s fil\u00f2loga catalana i ha fet el m\u00e0ster de formaci\u00f3 de professorat. Es dedica a la doc\u00e8ncia a Secund\u00e0ria.<\/h3>\n<h3>Ha viscut sempre a \u00d2dena i l\u2019estima com a casa seva, \u00e9s el lloc on ha crescut i s\u2019ha constru\u00eft com a persona.<\/h3>\n<h3>Durant anys ha participat activament a les festes culturals del poble com les Caramelles, Crespelles, el Pessebre Vivent o les festes majors del Barri de la Font i del Raval d\u2019Aguilera.<\/h3>\n<h3>Li agrada visitar altres pobles, caminar, llegir o escoltar m\u00fasica.<\/h3>\n<h2>\u270aFem \u00d2dena, tornem a fer-ho possible !<\/h2>\n<h3>&nbsp;<\/h3>\n<h3>&nbsp;<\/h3>\n","protected":false},"excerpt":{"rendered":"<p>Laia Argerich, 24 anys. Ve\u00efna del barri de la Font. \u00c9s fil\u00f2loga catalana i ha fet el m\u00e0ster de formaci\u00f3 de professorat. Es dedica a la doc\u00e8ncia a Secund\u00e0ria. Ha viscut sempre a \u00d2dena i l\u2019estima com a casa seva, \u00e9s el lloc on ha crescut i s\u2019ha constru\u00eft com a persona. Durant anys ha&hellip;<\/p>\n","protected":false},"author":1,"featured_media":0,"parent":0,"menu_order":0,"comment_status":"closed","ping_status":"closed","template":"page-templates\/full-width.php","meta":{"ngg_post_thumbnail":0,"footnotes":""},"class_list":["post-2604","page","type-page","status-publish","hentry"],"_links":{"self":[{"href":"https:\/\/femodena.com\/index.php\/wp-json\/wp\/v2\/pages\/2604","targetHints":{"allow":["GET"]}}],"collection":[{"href":"https:\/\/femodena.com\/index.php\/wp-json\/wp\/v2\/pages"}],"about":[{"href":"https:\/\/femodena.com\/index.php\/wp-json\/wp\/v2\/types\/page"}],"author":[{"embeddable":true,"href":"https:\/\/femodena.com\/index.php\/wp-json\/wp\/v2\/users\/1"}],"replies":[{"embeddable":true,"href":"https:\/\/femodena.com\/index.php\/wp-json\/wp\/v2\/comments?post=2604"}],"version-history":[{"count":3,"href":"https:\/\/femodena.com\/index.php\/wp-json\/wp\/v2\/pages\/2604\/revisions"}],"predecessor-version":[{"id":3306,"href":"https:\/\/femodena.com\/index.php\/wp-json\/wp\/v2\/pages\/2604\/revisions\/3306"}],"wp:attachment":[{"href":"https:\/\/femodena.com\/index.php\/wp-json\/wp\/v2\/media?parent=2604"}],"curies":[{"name":"wp","href":"https:\/\/api.w.org\/{rel}","templated":true}]}}

<h3><img loading="lazy" decoding="async" class="wp-image-2548 alignleft" src="https://femodena.com/wp-content/uploads/2023/04/17_Laia-1-819x1024.jpg" alt="" width="420" height="525" srcset="https://femodena.com/wp-content/uploads/2023/04/17_Laia-1-819x1024.jpg 819w, https://femodena.com/wp-content/uploads/2023/04/17_Laia-1-240x300.jpg 240w, https://femodena.com/wp-content/uploads/2023/04/17_Laia-1-768x960.jpg 768w, https://femodena.com/wp-content/uploads/2023/04/17_Laia-1.jpg 1080w" sizes="auto, (max-width: 420px) 100vw, 420px" /></h3>
<h3>Laia Argerich, 24 anys.</h3>
<h3>Veïna del barri de la Font.</h3>
<h3>És filòloga catalana i ha fet el màster de formació de professorat. Es dedica a la docència a Secundària.</h3>
<h3>Ha viscut sempre a Òdena i l’estima com a casa seva, és el lloc on ha crescut i s’ha construït com a persona.</h3>
<h3>Durant anys ha participat activament a les festes culturals del poble com les Caramelles, Crespelles, el Pessebre Vivent o les festes majors del Barri de la Font i del Raval d’Aguilera.</h3>
<h3>Li agrada visitar altres pobles, caminar, llegir o escoltar música.</h3>
<h2>✊Fem Òdena, tornem a fer-ho possible !</h2>
<h3>&nbsp;</h3>
<h3>&nbsp;</h3>

<p>Laia Argerich, 24 anys. Veïna del barri de la Font. És filòloga catalana i ha fet el màster de formació de professorat. Es dedica a la docència a Secundària. Ha viscut sempre a Òdena i l’estima com a casa seva, és el lloc on ha crescut i s’ha construït com a persona. Durant anys ha&hellip;</p>
