{"id":2568,"date":"2023-05-12T21:37:35","date_gmt":"2023-05-12T21:37:35","guid":{"rendered":"https:\/\/femodena.com\/?page_id=2568"},"modified":"2026-03-26T15:29:25","modified_gmt":"2026-03-26T15:29:25","slug":"cels-codina","status":"publish","type":"page","link":"https:\/\/femodena.com\/index.php\/cels-codina\/","title":{"rendered":"Cels Codina"},"content":{"rendered":"<p><img loading=\"lazy\" decoding=\"async\" class=\" wp-image-2517 alignleft\" src=\"https:\/\/femodena.com\/wp-content\/uploads\/2023\/04\/24-Cels-1-819x1024.jpg\" alt=\"\" width=\"428\" height=\"535\" srcset=\"https:\/\/femodena.com\/wp-content\/uploads\/2023\/04\/24-Cels-1-819x1024.jpg 819w, https:\/\/femodena.com\/wp-content\/uploads\/2023\/04\/24-Cels-1-240x300.jpg 240w, https:\/\/femodena.com\/wp-content\/uploads\/2023\/04\/24-Cels-1-768x960.jpg 768w, https:\/\/femodena.com\/wp-content\/uploads\/2023\/04\/24-Cels-1.jpg 1080w\" sizes=\"auto, (max-width: 428px) 100vw, 428px\" \/><\/p>\n<h3>Cels Codina, 44 anys, t\u00e9 un fill i una filla.<\/h3>\n<h3>Ve\u00ed de Manyoses. (El Pla d\u2019\u00d2dena)<\/h3>\n<h3>Llicenciat en Belles Arts i Grau d\u2019Educaci\u00f3 Prim\u00e0ria. \u00c9s mestre de prim\u00e0ria i batxillerat d\u2019arts pl\u00e0stiques en una escola d\u2019Igualada.???\u200d?<\/h3>\n<h3>Porta 15 anys vivint a \u00d2dena, un municipi que li permet estar a prop dels espais de natura<\/h3>\n<h3>Durant el seu temps lliure li agrada practicar esports de natura, en especial c\u00f3rrer per la muntanya\u26f0\ufe0f<br \/>\nUna afici\u00f3 que li permet gaudir tamb\u00e9 d\u2019una altra passi\u00f3: la fotografia<\/h3>\n<h2>\u270aFem \u00d2dena, tornem a fer-ho possible !<\/h2>\n","protected":false},"excerpt":{"rendered":"<p>Cels Codina, 44 anys, t\u00e9 un fill i una filla. Ve\u00ed de Manyoses. (El Pla d\u2019\u00d2dena) Llicenciat en Belles Arts i Grau d\u2019Educaci\u00f3 Prim\u00e0ria. \u00c9s mestre de prim\u00e0ria i batxillerat d\u2019arts pl\u00e0stiques en una escola d\u2019Igualada.???\u200d? Porta 15 anys vivint a \u00d2dena, un municipi que li permet estar a prop dels espais de natura Durant&hellip;<\/p>\n","protected":false},"author":1,"featured_media":0,"parent":0,"menu_order":0,"comment_status":"closed","ping_status":"closed","template":"page-templates\/full-width.php","meta":{"ngg_post_thumbnail":0,"footnotes":""},"class_list":["post-2568","page","type-page","status-publish","hentry"],"_links":{"self":[{"href":"https:\/\/femodena.com\/index.php\/wp-json\/wp\/v2\/pages\/2568","targetHints":{"allow":["GET"]}}],"collection":[{"href":"https:\/\/femodena.com\/index.php\/wp-json\/wp\/v2\/pages"}],"about":[{"href":"https:\/\/femodena.com\/index.php\/wp-json\/wp\/v2\/types\/page"}],"author":[{"embeddable":true,"href":"https:\/\/femodena.com\/index.php\/wp-json\/wp\/v2\/users\/1"}],"replies":[{"embeddable":true,"href":"https:\/\/femodena.com\/index.php\/wp-json\/wp\/v2\/comments?post=2568"}],"version-history":[{"count":3,"href":"https:\/\/femodena.com\/index.php\/wp-json\/wp\/v2\/pages\/2568\/revisions"}],"predecessor-version":[{"id":3288,"href":"https:\/\/femodena.com\/index.php\/wp-json\/wp\/v2\/pages\/2568\/revisions\/3288"}],"wp:attachment":[{"href":"https:\/\/femodena.com\/index.php\/wp-json\/wp\/v2\/media?parent=2568"}],"curies":[{"name":"wp","href":"https:\/\/api.w.org\/{rel}","templated":true}]}}

<p><img loading="lazy" decoding="async" class=" wp-image-2517 alignleft" src="https://femodena.com/wp-content/uploads/2023/04/24-Cels-1-819x1024.jpg" alt="" width="428" height="535" srcset="https://femodena.com/wp-content/uploads/2023/04/24-Cels-1-819x1024.jpg 819w, https://femodena.com/wp-content/uploads/2023/04/24-Cels-1-240x300.jpg 240w, https://femodena.com/wp-content/uploads/2023/04/24-Cels-1-768x960.jpg 768w, https://femodena.com/wp-content/uploads/2023/04/24-Cels-1.jpg 1080w" sizes="auto, (max-width: 428px) 100vw, 428px" /></p>
<h3>Cels Codina, 44 anys, té un fill i una filla.</h3>
<h3>Veí de Manyoses. (El Pla d’Òdena)</h3>
<h3>Llicenciat en Belles Arts i Grau d’Educació Primària. És mestre de primària i batxillerat d’arts plàstiques en una escola d’Igualada.???‍?</h3>
<h3>Porta 15 anys vivint a Òdena, un municipi que li permet estar a prop dels espais de natura</h3>
<h3>Durant el seu temps lliure li agrada practicar esports de natura, en especial córrer per la muntanya⛰️<br />
Una afició que li permet gaudir també d’una altra passió: la fotografia</h3>
<h2>✊Fem Òdena, tornem a fer-ho possible !</h2>

<p>Cels Codina, 44 anys, té un fill i una filla. Veí de Manyoses. (El Pla d’Òdena) Llicenciat en Belles Arts i Grau d’Educació Primària. És mestre de primària i batxillerat d’arts plàstiques en una escola d’Igualada.???‍? Porta 15 anys vivint a Òdena, un municipi que li permet estar a prop dels espais de natura Durant&hellip;</p>
