{"id":2557,"date":"2023-05-12T21:11:30","date_gmt":"2023-05-12T21:11:30","guid":{"rendered":"https:\/\/femodena.com\/?page_id=2557"},"modified":"2026-03-26T15:42:09","modified_gmt":"2026-03-26T15:42:09","slug":"miriam-codina","status":"publish","type":"page","link":"https:\/\/femodena.com\/index.php\/miriam-codina\/","title":{"rendered":"Miriam Codina"},"content":{"rendered":"<p><img loading=\"lazy\" decoding=\"async\" class=\" wp-image-2469 alignleft\" src=\"https:\/\/femodena.com\/wp-content\/uploads\/2023\/04\/28-Miriam-819x1024.jpg\" alt=\"\" width=\"417\" height=\"521\" srcset=\"https:\/\/femodena.com\/wp-content\/uploads\/2023\/04\/28-Miriam-819x1024.jpg 819w, https:\/\/femodena.com\/wp-content\/uploads\/2023\/04\/28-Miriam-240x300.jpg 240w, https:\/\/femodena.com\/wp-content\/uploads\/2023\/04\/28-Miriam-768x960.jpg 768w, https:\/\/femodena.com\/wp-content\/uploads\/2023\/04\/28-Miriam.jpg 1080w\" sizes=\"auto, (max-width: 417px) 100vw, 417px\" \/><\/p>\n<h3>Maria Codina, 40 anys i mare de dos fills.<\/h3>\n<h3>Ve\u00efna del nucli.<\/h3>\n<h3>\u00c9s pedagoga i treballa al Servei d\u2019Ocupaci\u00f3 de Catalunya (SOC) de la Catalunya Central.<br \/>\n\u00c9s una persona amb experi\u00e8ncia en gesti\u00f3 de projectes de desenvolupament local i foment de l\u2019ocupaci\u00f3.<\/h3>\n<h3>Ha estat sempre implicada amb entitats culturals i esportives.<\/h3>\n<h3>Li agrada l\u2019esport, la natura i les activitats compartides en fam\u00edlia.<\/h3>\n<h2>\u270aFem <strong>\u00d2dena<\/strong>, tornem a fer-ho possible !<\/h2>\n","protected":false},"excerpt":{"rendered":"<p>Maria Codina, 40 anys i mare de dos fills. Ve\u00efna del nucli. \u00c9s pedagoga i treballa al Servei d\u2019Ocupaci\u00f3 de Catalunya (SOC) de la Catalunya Central. \u00c9s una persona amb experi\u00e8ncia en gesti\u00f3 de projectes de desenvolupament local i foment de l\u2019ocupaci\u00f3. Ha estat sempre implicada amb entitats culturals i esportives. Li agrada l\u2019esport, la&hellip;<\/p>\n","protected":false},"author":1,"featured_media":0,"parent":0,"menu_order":0,"comment_status":"closed","ping_status":"closed","template":"page-templates\/full-width.php","meta":{"ngg_post_thumbnail":0,"footnotes":""},"class_list":["post-2557","page","type-page","status-publish","hentry"],"_links":{"self":[{"href":"https:\/\/femodena.com\/index.php\/wp-json\/wp\/v2\/pages\/2557","targetHints":{"allow":["GET"]}}],"collection":[{"href":"https:\/\/femodena.com\/index.php\/wp-json\/wp\/v2\/pages"}],"about":[{"href":"https:\/\/femodena.com\/index.php\/wp-json\/wp\/v2\/types\/page"}],"author":[{"embeddable":true,"href":"https:\/\/femodena.com\/index.php\/wp-json\/wp\/v2\/users\/1"}],"replies":[{"embeddable":true,"href":"https:\/\/femodena.com\/index.php\/wp-json\/wp\/v2\/comments?post=2557"}],"version-history":[{"count":2,"href":"https:\/\/femodena.com\/index.php\/wp-json\/wp\/v2\/pages\/2557\/revisions"}],"predecessor-version":[{"id":3310,"href":"https:\/\/femodena.com\/index.php\/wp-json\/wp\/v2\/pages\/2557\/revisions\/3310"}],"wp:attachment":[{"href":"https:\/\/femodena.com\/index.php\/wp-json\/wp\/v2\/media?parent=2557"}],"curies":[{"name":"wp","href":"https:\/\/api.w.org\/{rel}","templated":true}]}}

<p><img loading="lazy" decoding="async" class=" wp-image-2469 alignleft" src="https://femodena.com/wp-content/uploads/2023/04/28-Miriam-819x1024.jpg" alt="" width="417" height="521" srcset="https://femodena.com/wp-content/uploads/2023/04/28-Miriam-819x1024.jpg 819w, https://femodena.com/wp-content/uploads/2023/04/28-Miriam-240x300.jpg 240w, https://femodena.com/wp-content/uploads/2023/04/28-Miriam-768x960.jpg 768w, https://femodena.com/wp-content/uploads/2023/04/28-Miriam.jpg 1080w" sizes="auto, (max-width: 417px) 100vw, 417px" /></p>
<h3>Maria Codina, 40 anys i mare de dos fills.</h3>
<h3>Veïna del nucli.</h3>
<h3>És pedagoga i treballa al Servei d’Ocupació de Catalunya (SOC) de la Catalunya Central.<br />
És una persona amb experiència en gestió de projectes de desenvolupament local i foment de l’ocupació.</h3>
<h3>Ha estat sempre implicada amb entitats culturals i esportives.</h3>
<h3>Li agrada l’esport, la natura i les activitats compartides en família.</h3>
<h2>✊Fem <strong>Òdena</strong>, tornem a fer-ho possible !</h2>

<p>Maria Codina, 40 anys i mare de dos fills. Veïna del nucli. És pedagoga i treballa al Servei d’Ocupació de Catalunya (SOC) de la Catalunya Central. És una persona amb experiència en gestió de projectes de desenvolupament local i foment de l’ocupació. Ha estat sempre implicada amb entitats culturals i esportives. Li agrada l’esport, la&hellip;</p>
