{"id":2021,"date":"2023-03-16T13:08:29","date_gmt":"2023-03-16T13:08:29","guid":{"rendered":"https:\/\/femodena.com\/?page_id=2021"},"modified":"2026-05-15T15:06:18","modified_gmt":"2026-05-15T15:06:18","slug":"tornem-a-fer-ho-possible-maig-2023","status":"publish","type":"page","link":"https:\/\/femodena.com\/","title":{"rendered":"Projectes"},"content":{"rendered":"<h3><span>Suma&#8217;t a l&#8217;equip, per fer possible una \u00d2dena millor per a tothom <\/h3>\n<p><button onclick=\"window.location.href='https:\/\/femodena.com\/index.php\/questionariparticipacio\/'\">(Clica aqu\u00ed i participa)<\/button><\/span><\/p>\n<p><strong>Benvinguts a Fem \u00d2dena: Un projecte de municipi on tothom \u00e9s important<\/strong><\/p>\n<p>A Fem \u00d2dena creiem en un futur on tothom hi t\u00e9 cabuda. El nostre \u00e9s un projecte per \u00d2dena, per tothom i, sobretot, un projecte de unitat. No som nom\u00e9s una proposta; som una crida a l&#8217;acci\u00f3 per construir el municipi que tots volem. Per aix\u00f2, ens basem en cinc pilars fonamentals que defineixen la nostra visi\u00f3 i els nostres valors.<\/p>\n<p><strong>Els nostres eixos<\/strong><\/p>\n<ul>\n<li><em><strong>Sostenibilitat<\/strong><\/em>: Impulsem un model basat en l&#8217;estalvi, la protecci\u00f3 del medi ambient i el suport al consum local. Volem una \u00d2dena que respecti el seu entorn i que fomenti una economia circular.<\/li>\n<li><em><strong>Persones<\/strong><\/em>: El nostre focus sou vosaltres. Ens centrem en les necessitats de la gent gran, les aspiracions dels joves, i l&#8217;atenci\u00f3 social i l&#8217;ocupaci\u00f3 per a tothom. Les persones s\u00f3n el cor del nostre projecte.<\/li>\n<li><em><strong>Poble conjuntat<\/strong><\/em>: Treballem per reconnectar els nuclis d&#8217;\u00d2dena, assegurant un equilibri en les inversions i activitats perqu\u00e8 ning\u00fa se senti excl\u00f2s. Perqu\u00e8 \u00d2dena som tots els seus barris i ve\u00efnats.<\/li>\n<li><em><strong>Participaci\u00f3<\/strong><\/em>: Volem que la vostra veu sigui la protagonista. Promovem el di\u00e0leg constant i la cooperaci\u00f3 amb ve\u00efns i entitats. Fent xarxa i participant junts, les decisions seran realment nostres.<\/li>\n<li><strong><em>Valors<\/em><\/strong>: Som un equip treballador, transversal, plural i obert. Ens guiem pel di\u00e0leg, la inclusi\u00f3 i els principis democr\u00e0tics per construir un projecte fort, divers i preparat.<\/li>\n<\/ul>\n<p><strong>Uneix-te a Fem \u00d2dena!<\/strong><\/p>\n<p>Aquest projecte \u00e9s m\u00e9s que una llista de propostes; \u00e9s una invitaci\u00f3 a formar part del canvi. Fem \u00d2dena no t\u00e9 un propietari, perqu\u00e8 el seu \u00e8xit dep\u00e8n de la implicaci\u00f3 de cadascun de nosaltres.<\/p>\n<p>T&#8217;animes a fer el pas? Uneix-te al nostre equip, un equip fort, ampli i divers on tots som importants. Tant si vols estar al davant com al darrere, la teva participaci\u00f3 \u00e9s clau.<\/p>\n<p>Contacta&#8217;ns i suma&#8217;t a l&#8217;equip que vol fer possible una \u00d2dena millor&nbsp;per&nbsp;a&nbsp;tots.<\/p>\n<h2><span style=\"color: #ff0000;\">Projectes destacats en curs<\/span><\/h2>\n<ul>\n<li><em><strong>Coberta de la pista del Pla d&#8217;\u00d2dena. <\/strong><\/em>La nova coberta de la pista del Pla d&#8217;\u00d2dena comen\u00e7a a fer-se realitat. Despr\u00e9s de l&#8217;aprovaci\u00f3 del projecte el 9 de maig, la posterior aprovaci\u00f3 pel ple municipal del projecte d&#8217;instal\u00b7laci\u00f3 de plaques solars al setembre i la licitaci\u00f3 d&#8217;ambdues obres, aquesta setmana s&#8217;ha iniciat la construcci\u00f3 de l&#8217;estructura que cobrir\u00e0 la pista poliesportiva.<span data-ccp-props=\"{\"> &nbsp;<\/span>La coberta&nbsp;<b><span data-contrast=\"auto\">permetr\u00e0 l&#8217;\u00fas de l&#8217;equipament en qualsevol moment de l&#8217;any<\/span><\/b><span data-contrast=\"auto\">&nbsp;i independentment de les condicions meteorol\u00f2giques. A m\u00e9s, la col\u00b7locaci\u00f3 de plaques solars&nbsp;<\/span><b><span data-contrast=\"auto\">afavorir\u00e0 la generaci\u00f3 d&#8217;energia renovable<\/span><\/b><span data-contrast=\"auto\">&nbsp;i la reducci\u00f3 de la despesa energ\u00e8tica d&#8217;altres equipaments municipals. Es tracta d&#8217;un sistema d&#8217;energia fotovoltaica per a l&#8217;autoconsum col\u00b7lectiu.<\/span><span data-ccp-props=\"{\">&nbsp;<\/span><\/li>\n<li><strong><em>Pla de Barris i Viles de Catalunya 2025\u20132029. <\/em><\/strong>El pla inclou 11 actuacions prioritzades que es desenvoluparan entre 2026 i 2030, amb un pressupost total de 5.844.589 \u20ac (IVA incl\u00f2s).Les intervencions abasten millores urban\u00edstiques, equipaments esportius, mobilitat activa, punts de c\u00e0rrega per a vehicles el\u00e8ctrics, increment del verd urb\u00e0 i accions socials. Entre les actuacions m\u00e9s destacades hi ha:\n<ul>\n<li>Regeneraci\u00f3 del Barri de Santa Olga.<\/li>\n<li>Creaci\u00f3 de l\u2019Oficina del Pla de Barris al Centre C\u00edvic.<\/li>\n<li>Ampliaci\u00f3 dels vestidors del camp de futbol.<\/li>\n<li>Urbanitzaci\u00f3 del Carrer Lleida i reordenaci\u00f3 de l\u2019Avinguda de Manresa.<\/li>\n<li>Construcci\u00f3 d\u2019un magatzem municipal polivalent.<\/li>\n<li>Cobertura pavell\u00f3 esportiu<\/li>\n<li>Parquet del pavell\u00f3 Mestre Vila Vell<\/li>\n<li>Implantaci\u00f3 de carril bici i punts de c\u00e0rrega per a vehicles el\u00e8ctrics.<\/li>\n<li>Connexi\u00f3 accessible entre el Barri de Sant Pere i les Manyoses.<\/li>\n<\/ul>\n<\/li>\n<\/ul>\n<p>&nbsp;<\/p>\n<div id=\"envira-gallery-wrap-3246\" class=\"envira-gallery-wrap envira-gallery-theme-base envira-lightbox-theme-base\" itemscope itemtype=\"https:\/\/schema.org\/ImageGallery\"><div data-row-height=\"150\" data-gallery-theme=\"normal\" id=\"envira-gallery-3246\" class=\"envira-gallery-public envira-gallery-justified-public envira-gallery-0-columns envira-clear enviratope envira-gallery-css-animations\" data-envira-columns=\"0\"><div id=\"envira-gallery-item-3247\" class=\"envira-gallery-item enviratope-item envira-gallery-item-1 envira-lazy-load\" style=\"padding-left: 5px; padding-bottom: 10px; padding-right: 5px;\"  itemscope itemtype=\"https:\/\/schema.org\/ImageObject\"><div class=\"envira-gallery-item-inner\"><div class=\"envira-gallery-position-overlay  envira-gallery-top-left\"><\/div><div class=\"envira-gallery-position-overlay  envira-gallery-top-right\"><\/div><div class=\"envira-gallery-position-overlay  envira-gallery-bottom-left\"><\/div><div class=\"envira-gallery-position-overlay  envira-gallery-bottom-right\"><\/div><a href=\"https:\/\/femodena.com\/wp-content\/uploads\/2026\/01\/1.png\" class=\"envira-gallery-3246 envira-gallery-link\" rel=\"enviragallery3246\" title=\"1\" data-envira-caption=\"1\" data-envira-retina=\"\" data-thumbnail=\"\"  itemprop=\"contentUrl\"><img decoding=\"async\" id=\"envira-gallery-image-3247\" class=\"envira-gallery-image envira-gallery-image-1 envira-normal envira-lazy\" data-envira-index=\"1\" src=\"https:\/\/femodena.com\/wp-content\/uploads\/2026\/01\/1-1024x1024-640x480.png\" data-envira-src=\"https:\/\/femodena.com\/wp-content\/uploads\/2026\/01\/1-1024x1024-640x480.png\" data-envira-gallery-id=\"3246\" data-envira-item-id=\"3247\" data-envira-caption=\"1\" alt=\"\" title=\"1\"  itemprop=\"thumbnailUrl\" data-envira-srcset=\"https:\/\/femodena.com\/wp-content\/uploads\/2026\/01\/1-1024x1024-640x480.png 400w,https:\/\/femodena.com\/wp-content\/uploads\/2026\/01\/1-1024x1024-640x480.png 2x\" data-envira-width=\"300\" data-envira-height=\"300\" srcset=\"data:image\/gif;base64,R0lGODlhAQABAIAAAP\/\/\/\/\/\/\/yH5BAEKAAEALAAAAAABAAEAAAICTAEAOw==\" data-safe-src=\"data:image\/gif;base64,R0lGODlhAQABAIAAAP\/\/\/\/\/\/\/yH5BAEKAAEALAAAAAABAAEAAAICTAEAOw==\" \/><\/a><\/div><\/div><div id=\"envira-gallery-item-3248\" class=\"envira-gallery-item enviratope-item envira-gallery-item-2 envira-lazy-load\" style=\"padding-left: 5px; padding-bottom: 10px; padding-right: 5px;\"  itemscope itemtype=\"https:\/\/schema.org\/ImageObject\"><div class=\"envira-gallery-item-inner\"><div class=\"envira-gallery-position-overlay  envira-gallery-top-left\"><\/div><div class=\"envira-gallery-position-overlay  envira-gallery-top-right\"><\/div><div class=\"envira-gallery-position-overlay  envira-gallery-bottom-left\"><\/div><div class=\"envira-gallery-position-overlay  envira-gallery-bottom-right\"><\/div><a href=\"https:\/\/femodena.com\/wp-content\/uploads\/2026\/01\/2.png\" class=\"envira-gallery-3246 envira-gallery-link\" rel=\"enviragallery3246\" title=\"2\" data-envira-caption=\"2\" data-envira-retina=\"\" data-thumbnail=\"\"  itemprop=\"contentUrl\"><img decoding=\"async\" id=\"envira-gallery-image-3248\" class=\"envira-gallery-image envira-gallery-image-2 envira-normal envira-lazy\" data-envira-index=\"2\" src=\"https:\/\/femodena.com\/wp-content\/uploads\/2026\/01\/2-1024x1024-640x480.png\" data-envira-src=\"https:\/\/femodena.com\/wp-content\/uploads\/2026\/01\/2-1024x1024-640x480.png\" data-envira-gallery-id=\"3246\" data-envira-item-id=\"3248\" data-envira-caption=\"2\" alt=\"\" title=\"2\"  itemprop=\"thumbnailUrl\" data-envira-srcset=\"https:\/\/femodena.com\/wp-content\/uploads\/2026\/01\/2-1024x1024-640x480.png 400w,https:\/\/femodena.com\/wp-content\/uploads\/2026\/01\/2-1024x1024-640x480.png 2x\" data-envira-width=\"300\" data-envira-height=\"300\" srcset=\"data:image\/gif;base64,R0lGODlhAQABAIAAAP\/\/\/\/\/\/\/yH5BAEKAAEALAAAAAABAAEAAAICTAEAOw==\" data-safe-src=\"data:image\/gif;base64,R0lGODlhAQABAIAAAP\/\/\/\/\/\/\/yH5BAEKAAEALAAAAAABAAEAAAICTAEAOw==\" \/><\/a><\/div><\/div><\/div><\/div><noscript><img decoding=\"async\" src=\"https:\/\/femodena.com\/wp-content\/uploads\/2026\/01\/1.png\" alt=\"\" \/><img decoding=\"async\" src=\"https:\/\/femodena.com\/wp-content\/uploads\/2026\/01\/2.png\" alt=\"\" \/><\/noscript>\n","protected":false},"excerpt":{"rendered":"<p>Suma&#8217;t a l&#8217;equip, per fer possible una \u00d2dena millor per a tothom (Clica aqu\u00ed i participa) Benvinguts a Fem \u00d2dena: Un projecte de municipi on tothom \u00e9s important A Fem \u00d2dena creiem en un futur on tothom hi t\u00e9 cabuda. El nostre \u00e9s un projecte per \u00d2dena, per tothom i, sobretot, un projecte de unitat.&hellip;<\/p>\n","protected":false},"author":1,"featured_media":2042,"parent":0,"menu_order":0,"comment_status":"closed","ping_status":"closed","template":"page-templates\/full-width.php","meta":{"ngg_post_thumbnail":0,"footnotes":""},"class_list":["post-2021","page","type-page","status-publish","has-post-thumbnail","hentry"],"_links":{"self":[{"href":"https:\/\/femodena.com\/index.php\/wp-json\/wp\/v2\/pages\/2021","targetHints":{"allow":["GET"]}}],"collection":[{"href":"https:\/\/femodena.com\/index.php\/wp-json\/wp\/v2\/pages"}],"about":[{"href":"https:\/\/femodena.com\/index.php\/wp-json\/wp\/v2\/types\/page"}],"author":[{"embeddable":true,"href":"https:\/\/femodena.com\/index.php\/wp-json\/wp\/v2\/users\/1"}],"replies":[{"embeddable":true,"href":"https:\/\/femodena.com\/index.php\/wp-json\/wp\/v2\/comments?post=2021"}],"version-history":[{"count":19,"href":"https:\/\/femodena.com\/index.php\/wp-json\/wp\/v2\/pages\/2021\/revisions"}],"predecessor-version":[{"id":3348,"href":"https:\/\/femodena.com\/index.php\/wp-json\/wp\/v2\/pages\/2021\/revisions\/3348"}],"wp:featuredmedia":[{"embeddable":true,"href":"https:\/\/femodena.com\/index.php\/wp-json\/wp\/v2\/media\/2042"}],"wp:attachment":[{"href":"https:\/\/femodena.com\/index.php\/wp-json\/wp\/v2\/media?parent=2021"}],"curies":[{"name":"wp","href":"https:\/\/api.w.org\/{rel}","templated":true}]}}

<h3><span>Suma&#8217;t a l&#8217;equip, per fer possible una Òdena millor per a tothom </h3>
<p><button onclick="window.location.href='https://femodena.com/index.php/questionariparticipacio/'">(Clica aquí i participa)</button></span></p>
<p><strong>Benvinguts a Fem Òdena: Un projecte de municipi on tothom és important</strong></p>
<p>A Fem Òdena creiem en un futur on tothom hi té cabuda. El nostre és un projecte per Òdena, per tothom i, sobretot, un projecte de unitat. No som només una proposta; som una crida a l&#8217;acció per construir el municipi que tots volem. Per això, ens basem en cinc pilars fonamentals que defineixen la nostra visió i els nostres valors.</p>
<p><strong>Els nostres eixos</strong></p>
<ul>
<li><em><strong>Sostenibilitat</strong></em>: Impulsem un model basat en l&#8217;estalvi, la protecció del medi ambient i el suport al consum local. Volem una Òdena que respecti el seu entorn i que fomenti una economia circular.</li>
<li><em><strong>Persones</strong></em>: El nostre focus sou vosaltres. Ens centrem en les necessitats de la gent gran, les aspiracions dels joves, i l&#8217;atenció social i l&#8217;ocupació per a tothom. Les persones són el cor del nostre projecte.</li>
<li><em><strong>Poble conjuntat</strong></em>: Treballem per reconnectar els nuclis d&#8217;Òdena, assegurant un equilibri en les inversions i activitats perquè ningú se senti exclòs. Perquè Òdena som tots els seus barris i veïnats.</li>
<li><em><strong>Participació</strong></em>: Volem que la vostra veu sigui la protagonista. Promovem el diàleg constant i la cooperació amb veïns i entitats. Fent xarxa i participant junts, les decisions seran realment nostres.</li>
<li><strong><em>Valors</em></strong>: Som un equip treballador, transversal, plural i obert. Ens guiem pel diàleg, la inclusió i els principis democràtics per construir un projecte fort, divers i preparat.</li>
</ul>
<p><strong>Uneix-te a Fem Òdena!</strong></p>
<p>Aquest projecte és més que una llista de propostes; és una invitació a formar part del canvi. Fem Òdena no té un propietari, perquè el seu èxit depèn de la implicació de cadascun de nosaltres.</p>
<p>T&#8217;animes a fer el pas? Uneix-te al nostre equip, un equip fort, ampli i divers on tots som importants. Tant si vols estar al davant com al darrere, la teva participació és clau.</p>
<p>Contacta&#8217;ns i suma&#8217;t a l&#8217;equip que vol fer possible una Òdena millor&nbsp;per&nbsp;a&nbsp;tots.</p>
<h2><span style="color: #ff0000;">Projectes destacats en curs</span></h2>
<ul>
<li><em><strong>Coberta de la pista del Pla d&#8217;Òdena. </strong></em>La nova coberta de la pista del Pla d&#8217;Òdena comença a fer-se realitat. Després de l&#8217;aprovació del projecte el 9 de maig, la posterior aprovació pel ple municipal del projecte d&#8217;instal·lació de plaques solars al setembre i la licitació d&#8217;ambdues obres, aquesta setmana s&#8217;ha iniciat la construcció de l&#8217;estructura que cobrirà la pista poliesportiva.<span data-ccp-props="{"> &nbsp;</span>La coberta&nbsp;<b><span data-contrast="auto">permetrà l&#8217;ús de l&#8217;equipament en qualsevol moment de l&#8217;any</span></b><span data-contrast="auto">&nbsp;i independentment de les condicions meteorològiques. A més, la col·locació de plaques solars&nbsp;</span><b><span data-contrast="auto">afavorirà la generació d&#8217;energia renovable</span></b><span data-contrast="auto">&nbsp;i la reducció de la despesa energètica d&#8217;altres equipaments municipals. Es tracta d&#8217;un sistema d&#8217;energia fotovoltaica per a l&#8217;autoconsum col·lectiu.</span><span data-ccp-props="{">&nbsp;</span></li>
<li><strong><em>Pla de Barris i Viles de Catalunya 2025–2029. </em></strong>El pla inclou 11 actuacions prioritzades que es desenvoluparan entre 2026 i 2030, amb un pressupost total de 5.844.589 € (IVA inclòs).Les intervencions abasten millores urbanístiques, equipaments esportius, mobilitat activa, punts de càrrega per a vehicles elèctrics, increment del verd urbà i accions socials. Entre les actuacions més destacades hi ha:
<ul>
<li>Regeneració del Barri de Santa Olga.</li>
<li>Creació de l’Oficina del Pla de Barris al Centre Cívic.</li>
<li>Ampliació dels vestidors del camp de futbol.</li>
<li>Urbanització del Carrer Lleida i reordenació de l’Avinguda de Manresa.</li>
<li>Construcció d’un magatzem municipal polivalent.</li>
<li>Cobertura pavelló esportiu</li>
<li>Parquet del pavelló Mestre Vila Vell</li>
<li>Implantació de carril bici i punts de càrrega per a vehicles elèctrics.</li>
<li>Connexió accessible entre el Barri de Sant Pere i les Manyoses.</li>
</ul>
</li>
</ul>
<p>&nbsp;</p>
<div id="envira-gallery-wrap-3246" class="envira-gallery-wrap envira-gallery-theme-base envira-lightbox-theme-base" itemscope itemtype="https://schema.org/ImageGallery"><div data-row-height="150" data-gallery-theme="normal" id="envira-gallery-3246" class="envira-gallery-public envira-gallery-justified-public envira-gallery-0-columns envira-clear enviratope envira-gallery-css-animations" data-envira-columns="0"><div id="envira-gallery-item-3247" class="envira-gallery-item enviratope-item envira-gallery-item-1 envira-lazy-load" style="padding-left: 5px; padding-bottom: 10px; padding-right: 5px;"  itemscope itemtype="https://schema.org/ImageObject"><div class="envira-gallery-item-inner"><div class="envira-gallery-position-overlay  envira-gallery-top-left"></div><div class="envira-gallery-position-overlay  envira-gallery-top-right"></div><div class="envira-gallery-position-overlay  envira-gallery-bottom-left"></div><div class="envira-gallery-position-overlay  envira-gallery-bottom-right"></div><a href="https://femodena.com/wp-content/uploads/2026/01/1.png" class="envira-gallery-3246 envira-gallery-link" rel="enviragallery3246" title="1" data-envira-caption="1" data-envira-retina="" data-thumbnail=""  itemprop="contentUrl"><img decoding="async" id="envira-gallery-image-3247" class="envira-gallery-image envira-gallery-image-1 envira-normal envira-lazy" data-envira-index="1" src="https://femodena.com/wp-content/uploads/2026/01/1-1024x1024-640x480.png" data-envira-src="https://femodena.com/wp-content/uploads/2026/01/1-1024x1024-640x480.png" data-envira-gallery-id="3246" data-envira-item-id="3247" data-envira-caption="1" alt="" title="1"  itemprop="thumbnailUrl" data-envira-srcset="https://femodena.com/wp-content/uploads/2026/01/1-1024x1024-640x480.png 400w,https://femodena.com/wp-content/uploads/2026/01/1-1024x1024-640x480.png 2x" data-envira-width="300" data-envira-height="300" srcset="data:image/gif;base64,R0lGODlhAQABAIAAAP///////yH5BAEKAAEALAAAAAABAAEAAAICTAEAOw==" data-safe-src="data:image/gif;base64,R0lGODlhAQABAIAAAP///////yH5BAEKAAEALAAAAAABAAEAAAICTAEAOw==" /></a></div></div><div id="envira-gallery-item-3248" class="envira-gallery-item enviratope-item envira-gallery-item-2 envira-lazy-load" style="padding-left: 5px; padding-bottom: 10px; padding-right: 5px;"  itemscope itemtype="https://schema.org/ImageObject"><div class="envira-gallery-item-inner"><div class="envira-gallery-position-overlay  envira-gallery-top-left"></div><div class="envira-gallery-position-overlay  envira-gallery-top-right"></div><div class="envira-gallery-position-overlay  envira-gallery-bottom-left"></div><div class="envira-gallery-position-overlay  envira-gallery-bottom-right"></div><a href="https://femodena.com/wp-content/uploads/2026/01/2.png" class="envira-gallery-3246 envira-gallery-link" rel="enviragallery3246" title="2" data-envira-caption="2" data-envira-retina="" data-thumbnail=""  itemprop="contentUrl"><img decoding="async" id="envira-gallery-image-3248" class="envira-gallery-image envira-gallery-image-2 envira-normal envira-lazy" data-envira-index="2" src="https://femodena.com/wp-content/uploads/2026/01/2-1024x1024-640x480.png" data-envira-src="https://femodena.com/wp-content/uploads/2026/01/2-1024x1024-640x480.png" data-envira-gallery-id="3246" data-envira-item-id="3248" data-envira-caption="2" alt="" title="2"  itemprop="thumbnailUrl" data-envira-srcset="https://femodena.com/wp-content/uploads/2026/01/2-1024x1024-640x480.png 400w,https://femodena.com/wp-content/uploads/2026/01/2-1024x1024-640x480.png 2x" data-envira-width="300" data-envira-height="300" srcset="data:image/gif;base64,R0lGODlhAQABAIAAAP///////yH5BAEKAAEALAAAAAABAAEAAAICTAEAOw==" data-safe-src="data:image/gif;base64,R0lGODlhAQABAIAAAP///////yH5BAEKAAEALAAAAAABAAEAAAICTAEAOw==" /></a></div></div></div></div><noscript><img decoding="async" src="https://femodena.com/wp-content/uploads/2026/01/1.png" alt="" /><img decoding="async" src="https://femodena.com/wp-content/uploads/2026/01/2.png" alt="" /></noscript>

<p>Suma&#8217;t a l&#8217;equip, per fer possible una Òdena millor per a tothom (Clica aquí i participa) Benvinguts a Fem Òdena: Un projecte de municipi on tothom és important A Fem Òdena creiem en un futur on tothom hi té cabuda. El nostre és un projecte per Òdena, per tothom i, sobretot, un projecte de unitat.&hellip;</p>
