{"id":1085,"date":"2022-05-24T11:24:52","date_gmt":"2022-05-24T11:24:52","guid":{"rendered":"https:\/\/femodena.com\/?page_id=1085"},"modified":"2025-10-09T14:02:42","modified_gmt":"2025-10-09T14:02:42","slug":"benestar-social","status":"publish","type":"page","link":"https:\/\/femodena.com\/index.php\/benestar-social\/","title":{"rendered":"Benestar Social"},"content":{"rendered":"<p><b>BENESTAR SOCIAL:<\/b><\/p>\n<p>1.Ampliem l\u2019horari d\u2019atenci\u00f3 de benestar social (educadora i treballadora) en un nou despatx, al Centre C\u00edvic del Pla. Aix\u00ed, hi haur\u00e0 dies d\u2019atenci\u00f3 al nucli (segon punt) i dies d\u2019atenci\u00f3 al Pla \u2013fins ara nom\u00e9s hi havia al poble-.<\/p>\n<p>2.Adequaci\u00f3 d\u2019un nou espai, al C\/Pompeu Fabra, 14 amb tres despatxos per a atenci\u00f3 de Benestar Social, \u00e9s a dir, marxa el Jutjat i posem en la sala polivalent i entrada separada l\u2019espai jove (diapo anterior), i en els despatxos amb entrada a part, benestar social. El mateix edifici t\u00e9 dues fa\u00e7anes amb dues entrades diferents<\/p>\n<p><img loading=\"lazy\" decoding=\"async\" class=\"size-medium wp-image-1086 alignleft\" src=\"https:\/\/femodena.com\/wp-content\/uploads\/2022\/05\/benestar1-300x206.jpg\" alt=\"\" width=\"300\" height=\"206\" srcset=\"https:\/\/femodena.com\/wp-content\/uploads\/2022\/05\/benestar1-300x206.jpg 300w, https:\/\/femodena.com\/wp-content\/uploads\/2022\/05\/benestar1.jpg 598w\" sizes=\"auto, (max-width: 300px) 100vw, 300px\" \/><\/p>\n","protected":false},"excerpt":{"rendered":"<p>BENESTAR SOCIAL: 1.Ampliem l\u2019horari d\u2019atenci\u00f3 de benestar social (educadora i treballadora) en un nou despatx, al Centre C\u00edvic del Pla. Aix\u00ed, hi haur\u00e0 dies d\u2019atenci\u00f3 al nucli (segon punt) i dies d\u2019atenci\u00f3 al Pla \u2013fins ara nom\u00e9s hi havia al poble-. 2.Adequaci\u00f3 d\u2019un nou espai, al C\/Pompeu Fabra, 14 amb tres despatxos per a atenci\u00f3&hellip;<\/p>\n","protected":false},"author":1,"featured_media":0,"parent":0,"menu_order":0,"comment_status":"closed","ping_status":"closed","template":"page-templates\/full-width.php","meta":{"ngg_post_thumbnail":0,"footnotes":""},"class_list":["post-1085","page","type-page","status-publish","hentry"],"_links":{"self":[{"href":"https:\/\/femodena.com\/index.php\/wp-json\/wp\/v2\/pages\/1085","targetHints":{"allow":["GET"]}}],"collection":[{"href":"https:\/\/femodena.com\/index.php\/wp-json\/wp\/v2\/pages"}],"about":[{"href":"https:\/\/femodena.com\/index.php\/wp-json\/wp\/v2\/types\/page"}],"author":[{"embeddable":true,"href":"https:\/\/femodena.com\/index.php\/wp-json\/wp\/v2\/users\/1"}],"replies":[{"embeddable":true,"href":"https:\/\/femodena.com\/index.php\/wp-json\/wp\/v2\/comments?post=1085"}],"version-history":[{"count":1,"href":"https:\/\/femodena.com\/index.php\/wp-json\/wp\/v2\/pages\/1085\/revisions"}],"predecessor-version":[{"id":3158,"href":"https:\/\/femodena.com\/index.php\/wp-json\/wp\/v2\/pages\/1085\/revisions\/3158"}],"wp:attachment":[{"href":"https:\/\/femodena.com\/index.php\/wp-json\/wp\/v2\/media?parent=1085"}],"curies":[{"name":"wp","href":"https:\/\/api.w.org\/{rel}","templated":true}]}}

<p><b>BENESTAR SOCIAL:</b></p>
<p>1.Ampliem l’horari d’atenció de benestar social (educadora i treballadora) en un nou despatx, al Centre Cívic del Pla. Així, hi haurà dies d’atenció al nucli (segon punt) i dies d’atenció al Pla –fins ara només hi havia al poble-.</p>
<p>2.Adequació d’un nou espai, al C/Pompeu Fabra, 14 amb tres despatxos per a atenció de Benestar Social, és a dir, marxa el Jutjat i posem en la sala polivalent i entrada separada l’espai jove (diapo anterior), i en els despatxos amb entrada a part, benestar social. El mateix edifici té dues façanes amb dues entrades diferents</p>
<p><img loading="lazy" decoding="async" class="size-medium wp-image-1086 alignleft" src="https://femodena.com/wp-content/uploads/2022/05/benestar1-300x206.jpg" alt="" width="300" height="206" srcset="https://femodena.com/wp-content/uploads/2022/05/benestar1-300x206.jpg 300w, https://femodena.com/wp-content/uploads/2022/05/benestar1.jpg 598w" sizes="auto, (max-width: 300px) 100vw, 300px" /></p>

<p>BENESTAR SOCIAL: 1.Ampliem l’horari d’atenció de benestar social (educadora i treballadora) en un nou despatx, al Centre Cívic del Pla. Així, hi haurà dies d’atenció al nucli (segon punt) i dies d’atenció al Pla –fins ara només hi havia al poble-. 2.Adequació d’un nou espai, al C/Pompeu Fabra, 14 amb tres despatxos per a atenció&hellip;</p>
