{"id":1061,"date":"2022-05-24T11:11:05","date_gmt":"2022-05-24T11:11:05","guid":{"rendered":"https:\/\/femodena.com\/?page_id=1061"},"modified":"2025-10-09T14:13:07","modified_gmt":"2025-10-09T14:13:07","slug":"participacio-ciudadana","status":"publish","type":"page","link":"https:\/\/femodena.com\/index.php\/participacio-ciudadana\/","title":{"rendered":"Participacio ciudadana"},"content":{"rendered":"<p><b>PARTICIPACI\u00d3 CIUTADANA:<\/b><\/p>\n<p>1.Posada en marxa dels primers pressupostos participatius del municipi, amb una dotaci\u00f3 inversora de 10.000\u20ac<\/p>\n<p>2.Taller d\u2019art urb\u00e0 amb la implicaci\u00f3 del jovent del municipi i l\u2019elaboraci\u00f3 del mural en la paret del Centre Uni\u00f3 Agr\u00edcola<\/p>\n<p><img loading=\"lazy\" decoding=\"async\" class=\"wp-image-1063 alignleft\" src=\"https:\/\/femodena.com\/wp-content\/uploads\/2022\/05\/participacio_ciutadana-300x167.jpg\" alt=\"\" width=\"357\" height=\"199\" srcset=\"https:\/\/femodena.com\/wp-content\/uploads\/2022\/05\/participacio_ciutadana-300x167.jpg 300w, https:\/\/femodena.com\/wp-content\/uploads\/2022\/05\/participacio_ciutadana-768x427.jpg 768w, https:\/\/femodena.com\/wp-content\/uploads\/2022\/05\/participacio_ciutadana.jpg 828w\" sizes=\"auto, (max-width: 357px) 100vw, 357px\" \/><\/p>\n<p>&nbsp;<\/p>\n<p>&nbsp;<\/p>\n<p>&nbsp;<\/p>\n<p>&nbsp;<\/p>\n<p>&nbsp;<\/p>\n<p>&nbsp;<\/p>\n<p>3. Elaboraci\u00f3 amb el jovent del municipi del mural participatiu a la paret davant l&#8217;esgl\u00e9sia Verge de la Pau<\/p>\n<p>4. Elaboraci\u00f3 entre tot el ve\u00efnat del mural participatiu per mostrar la flora i fauna del municipi a l\u2019antiga N-II<\/p>\n<p><img loading=\"lazy\" decoding=\"async\" class=\"size-medium wp-image-1069 alignleft\" src=\"https:\/\/femodena.com\/wp-content\/uploads\/2022\/05\/p_ciutada_3-300x171.jpg\" alt=\"\" width=\"300\" height=\"171\" srcset=\"https:\/\/femodena.com\/wp-content\/uploads\/2022\/05\/p_ciutada_3-300x171.jpg 300w, https:\/\/femodena.com\/wp-content\/uploads\/2022\/05\/p_ciutada_3-768x439.jpg 768w, https:\/\/femodena.com\/wp-content\/uploads\/2022\/05\/p_ciutada_3.jpg 943w\" sizes=\"auto, (max-width: 300px) 100vw, 300px\" \/><\/p>\n<p>&nbsp;<\/p>\n<p>&nbsp;<\/p>\n<p>&nbsp;<\/p>\n<p>&nbsp;<\/p>\n<p>&nbsp;<\/p>\n<p><img loading=\"lazy\" decoding=\"async\" class=\"size-medium wp-image-1068 alignleft\" src=\"https:\/\/femodena.com\/wp-content\/uploads\/2022\/05\/p_ciutada_2-300x145.jpg\" alt=\"\" width=\"300\" height=\"145\" srcset=\"https:\/\/femodena.com\/wp-content\/uploads\/2022\/05\/p_ciutada_2-300x145.jpg 300w, https:\/\/femodena.com\/wp-content\/uploads\/2022\/05\/p_ciutada_2-768x371.jpg 768w, https:\/\/femodena.com\/wp-content\/uploads\/2022\/05\/p_ciutada_2.jpg 825w\" sizes=\"auto, (max-width: 300px) 100vw, 300px\" \/><\/p>\n","protected":false},"excerpt":{"rendered":"<p>PARTICIPACI\u00d3 CIUTADANA: 1.Posada en marxa dels primers pressupostos participatius del municipi, amb una dotaci\u00f3 inversora de 10.000\u20ac 2.Taller d\u2019art urb\u00e0 amb la implicaci\u00f3 del jovent del municipi i l\u2019elaboraci\u00f3 del mural en la paret del Centre Uni\u00f3 Agr\u00edcola &nbsp; &nbsp; &nbsp; &nbsp; &nbsp; &nbsp; 3. Elaboraci\u00f3 amb el jovent del municipi del mural participatiu a&hellip;<\/p>\n","protected":false},"author":1,"featured_media":0,"parent":0,"menu_order":0,"comment_status":"closed","ping_status":"closed","template":"page-templates\/full-width.php","meta":{"ngg_post_thumbnail":0,"footnotes":""},"class_list":["post-1061","page","type-page","status-publish","hentry"],"_links":{"self":[{"href":"https:\/\/femodena.com\/index.php\/wp-json\/wp\/v2\/pages\/1061","targetHints":{"allow":["GET"]}}],"collection":[{"href":"https:\/\/femodena.com\/index.php\/wp-json\/wp\/v2\/pages"}],"about":[{"href":"https:\/\/femodena.com\/index.php\/wp-json\/wp\/v2\/types\/page"}],"author":[{"embeddable":true,"href":"https:\/\/femodena.com\/index.php\/wp-json\/wp\/v2\/users\/1"}],"replies":[{"embeddable":true,"href":"https:\/\/femodena.com\/index.php\/wp-json\/wp\/v2\/comments?post=1061"}],"version-history":[{"count":1,"href":"https:\/\/femodena.com\/index.php\/wp-json\/wp\/v2\/pages\/1061\/revisions"}],"predecessor-version":[{"id":3200,"href":"https:\/\/femodena.com\/index.php\/wp-json\/wp\/v2\/pages\/1061\/revisions\/3200"}],"wp:attachment":[{"href":"https:\/\/femodena.com\/index.php\/wp-json\/wp\/v2\/media?parent=1061"}],"curies":[{"name":"wp","href":"https:\/\/api.w.org\/{rel}","templated":true}]}}

<p><b>PARTICIPACIÓ CIUTADANA:</b></p>
<p>1.Posada en marxa dels primers pressupostos participatius del municipi, amb una dotació inversora de 10.000€</p>
<p>2.Taller d’art urbà amb la implicació del jovent del municipi i l’elaboració del mural en la paret del Centre Unió Agrícola</p>
<p><img loading="lazy" decoding="async" class="wp-image-1063 alignleft" src="https://femodena.com/wp-content/uploads/2022/05/participacio_ciutadana-300x167.jpg" alt="" width="357" height="199" srcset="https://femodena.com/wp-content/uploads/2022/05/participacio_ciutadana-300x167.jpg 300w, https://femodena.com/wp-content/uploads/2022/05/participacio_ciutadana-768x427.jpg 768w, https://femodena.com/wp-content/uploads/2022/05/participacio_ciutadana.jpg 828w" sizes="auto, (max-width: 357px) 100vw, 357px" /></p>
<p>&nbsp;</p>
<p>&nbsp;</p>
<p>&nbsp;</p>
<p>&nbsp;</p>
<p>&nbsp;</p>
<p>&nbsp;</p>
<p>3. Elaboració amb el jovent del municipi del mural participatiu a la paret davant l&#8217;església Verge de la Pau</p>
<p>4. Elaboració entre tot el veïnat del mural participatiu per mostrar la flora i fauna del municipi a l’antiga N-II</p>
<p><img loading="lazy" decoding="async" class="size-medium wp-image-1069 alignleft" src="https://femodena.com/wp-content/uploads/2022/05/p_ciutada_3-300x171.jpg" alt="" width="300" height="171" srcset="https://femodena.com/wp-content/uploads/2022/05/p_ciutada_3-300x171.jpg 300w, https://femodena.com/wp-content/uploads/2022/05/p_ciutada_3-768x439.jpg 768w, https://femodena.com/wp-content/uploads/2022/05/p_ciutada_3.jpg 943w" sizes="auto, (max-width: 300px) 100vw, 300px" /></p>
<p>&nbsp;</p>
<p>&nbsp;</p>
<p>&nbsp;</p>
<p>&nbsp;</p>
<p>&nbsp;</p>
<p><img loading="lazy" decoding="async" class="size-medium wp-image-1068 alignleft" src="https://femodena.com/wp-content/uploads/2022/05/p_ciutada_2-300x145.jpg" alt="" width="300" height="145" srcset="https://femodena.com/wp-content/uploads/2022/05/p_ciutada_2-300x145.jpg 300w, https://femodena.com/wp-content/uploads/2022/05/p_ciutada_2-768x371.jpg 768w, https://femodena.com/wp-content/uploads/2022/05/p_ciutada_2.jpg 825w" sizes="auto, (max-width: 300px) 100vw, 300px" /></p>

<p>PARTICIPACIÓ CIUTADANA: 1.Posada en marxa dels primers pressupostos participatius del municipi, amb una dotació inversora de 10.000€ 2.Taller d’art urbà amb la implicació del jovent del municipi i l’elaboració del mural en la paret del Centre Unió Agrícola &nbsp; &nbsp; &nbsp; &nbsp; &nbsp; &nbsp; 3. Elaboració amb el jovent del municipi del mural participatiu a&hellip;</p>
